{"id":981,"date":"2026-03-22T14:20:56","date_gmt":"2026-03-22T14:20:56","guid":{"rendered":"https:\/\/thomasaudio.se\/?post_type=product&#038;p=981"},"modified":"2026-04-01T16:08:06","modified_gmt":"2026-04-01T16:08:06","slug":"alpo-heinonen-quintet-healing-flows","status":"publish","type":"product","link":"https:\/\/thomasaudio.se\/?product=alpo-heinonen-quintet-healing-flows","title":{"rendered":"Alpo Heinonen Quintet &#8211; Healing Flows"},"content":{"rendered":"<p>Alpo Heinonen &#8211; piano<br \/>\nVille Vannemaa &#8211; saxofoner<br \/>\nVeikki Virkaj\u00e4rvi &#8211; elgitarr<br \/>\nPasi Toivanen &#8211; elbas<br \/>\nTomi Saikkonen &#8211; trummor<br \/>\nTeija Sotikoff &#8211; s\u00e5ng<br \/>\nLotta Pitk\u00e4nen &#8211; violin<\/p>\n<p>Enligt gruppens ledare, Heinonen, skiljer sig detta nya album fr\u00e5n det tidigare albumet b\u00e5de musikaliskt och i gruppens f\u00f6rdelning. &#8221;Min roll i skapandet av detta album var mer som komposit\u00f6r och gruppledare \u00e4n som solopianist&#8221;, s\u00e4ger Heinonen. &#8221;Ett underbart tillskott till albumet \u00e4r ocks\u00e5 s\u00e5ngerskan Teija Sotikoffs mjukt flytande s\u00e5ng, f\u00f6r att inte tala om Lotta Pitk\u00e4nenens fina violinspel&#8221;, forts\u00e4tter han.<\/p>\n<p>1 Daily Mirages<br \/>\n2 Rude Enough<br \/>\n3 Swedish Sorrow<br \/>\n4 Orphanarium<br \/>\n5 Insight into Sight!<br \/>\n6 Swindler&#8217;s List<br \/>\n7 Healing Flows<br \/>\n8 News from the Past<\/p>\n","protected":false},"excerpt":{"rendered":"<p>Alpo Heinonen &#8211; piano Ville Vannemaa &#8211; saxofoner Veikki Virkaj\u00e4rvi &#8211; elgitarr Pasi Toivanen &#8211; elbas Tomi Saikkonen &#8211; trummor Teija Sotikoff &#8211; s\u00e5ng Lotta Pitk\u00e4nen &#8211; violin Enligt gruppens ledare, Heinonen, skiljer sig detta nya album fr\u00e5n det tidigare albumet b\u00e5de musikaliskt och i gruppens f\u00f6rdelning. &#8221;Min roll i skapandet av detta album var&#8230;<\/p>\n","protected":false},"featured_media":982,"template":"","meta":[],"product_brand":[32],"product_cat":[16],"product_tag":[18,19],"class_list":{"0":"post-981","1":"product","2":"type-product","3":"status-publish","4":"has-post-thumbnail","6":"product_brand-prophone","7":"product_cat-album","8":"product_tag-cd","9":"product_tag-jazz","11":"first","12":"instock","13":"shipping-taxable","14":"purchasable","15":"product-type-simple"},"_links":{"self":[{"href":"https:\/\/thomasaudio.se\/index.php?rest_route=\/wp\/v2\/product\/981","targetHints":{"allow":["GET"]}}],"collection":[{"href":"https:\/\/thomasaudio.se\/index.php?rest_route=\/wp\/v2\/product"}],"about":[{"href":"https:\/\/thomasaudio.se\/index.php?rest_route=\/wp\/v2\/types\/product"}],"wp:featuredmedia":[{"embeddable":true,"href":"https:\/\/thomasaudio.se\/index.php?rest_route=\/wp\/v2\/media\/982"}],"wp:attachment":[{"href":"https:\/\/thomasaudio.se\/index.php?rest_route=%2Fwp%2Fv2%2Fmedia&parent=981"}],"wp:term":[{"taxonomy":"product_brand","embeddable":true,"href":"https:\/\/thomasaudio.se\/index.php?rest_route=%2Fwp%2Fv2%2Fproduct_brand&post=981"},{"taxonomy":"product_cat","embeddable":true,"href":"https:\/\/thomasaudio.se\/index.php?rest_route=%2Fwp%2Fv2%2Fproduct_cat&post=981"},{"taxonomy":"product_tag","embeddable":true,"href":"https:\/\/thomasaudio.se\/index.php?rest_route=%2Fwp%2Fv2%2Fproduct_tag&post=981"}],"curies":[{"name":"wp","href":"https:\/\/api.w.org\/{rel}","templated":true}]}}