{"id":951,"date":"2026-03-21T14:07:25","date_gmt":"2026-03-21T14:07:25","guid":{"rendered":"https:\/\/thomasaudio.se\/?post_type=product&#038;p=951"},"modified":"2026-04-01T17:13:28","modified_gmt":"2026-04-01T17:13:28","slug":"nils-landgren-goteborgs-jazzorkester-letter-to-eje-thelin","status":"publish","type":"product","link":"https:\/\/thomasaudio.se\/?product=nils-landgren-goteborgs-jazzorkester-letter-to-eje-thelin","title":{"rendered":"G\u00f6teborgs Jazzorkester &#8211; Letter to Eje Thelin"},"content":{"rendered":"<p>Albumet \u00e4r en hyllning till trombonisten Eje Thelin.<\/p>\n<p>&#8221;N\u00e4r en av svensk jazz allra st\u00f6rsta, trombonisten och komposit\u00f6ren Eje Thelin, dog i maj 1990, endast 51 \u00e5r gammal, hade han \u00e5ret innan avslutat inspelningen av den egenkomponerade sviten Raggruppamento tillsammans med Radiojazzgruppen. F\u00f6r sjuk f\u00f6r att sj\u00e4lv spela de b\u00e4rande solodelarna lades ansvaret p\u00e5 gitarristen G\u00f6ran Klinghagen framf\u00f6r en bl\u00e5slinje med saxofonister som David Wilczewski och Lennart \u00c5berg, i kompet Bobo Stenson och i trombonsektionen satt en ung Nils Landgren.<\/p>\n<p><strong>Nu:<\/strong> 35 \u00e5r senare g\u00f6r G\u00f6teborg Jazz Orchestra en verklig kulturg\u00e4rning n\u00e4r de spelat in Thelins svit igen, den h\u00e4r g\u00e5ngen med just Nils Landgren som huvudsolist. Och vilken platta!<br \/>\nDet finns ett \u00e5terblickande 1980-talssound som GJO plockar fram utan nostalgi. GJO och Landgren lyfter p\u00e5 b\u00e4sta s\u00e4tt fram en av v\u00e5ra stora solister och komposit\u00f6rer. Och liksom Ejes son John Eje Tehlin s\u00e4ger i skivans liner notes: Landgren med sitt eget sj\u00e4lvklara, distinkta sound d\u00e4r konvoluttextens beskrivning av Eje Thelins ton lika g\u00e4rna skulle kunna beskriva Landgren: smidig och l\u00e4tt med ett f\u00f6rt\u00e4tat, n\u00e4ra sound.<\/p>\n<p>GJO \u00e4r en samspelt, distinkt enhet som spelar lyh\u00f6rt, varierat, med en kompsektion ledd p\u00e5 allra b\u00e4sta s\u00e4tt av den flyh\u00e4nt ink\u00e4nnande pianisten Simon Westman och en rad fina solister som Westman, gitarristen Erik Weissglas och saxofonisten Martin Bjurek Svanstr\u00f6m f\u00f6r att n\u00e4mna n\u00e5gra.<\/p>\n<p>Sist ut tar GJO och Nils Landgren ett passande farv\u00e4l av Eje med George Riedels <em>A letter to Eje Thelin<\/em>.&#8221;<br \/>\n\/\/ LIRA<\/p>\n<p>1 Raggruppamento I<br \/>\n2 Vision<br \/>\n3 Gumption<br \/>\n4 Things<br \/>\n5 Gloomy<br \/>\n6 Neoteny<br \/>\n7 Rain<br \/>\n8 Jumnien<br \/>\n9 Indeed<br \/>\n10 Poem<br \/>\n11 Raggruppamento II<br \/>\n12 A Letter to Eje Thelin<br \/>\n13 Interview med Nils Landgren and John Thelin<\/p>\n","protected":false},"excerpt":{"rendered":"<p>Dubbel Vinyl<br \/>\nNy studioinspelning 2025<\/p>\n","protected":false},"featured_media":952,"template":"","meta":[],"product_brand":[32],"product_cat":[16],"product_tag":[18,19],"class_list":{"0":"post-951","1":"product","2":"type-product","3":"status-publish","4":"has-post-thumbnail","6":"product_brand-prophone","7":"product_cat-album","8":"product_tag-cd","9":"product_tag-jazz","11":"first","12":"instock","13":"shipping-taxable","14":"purchasable","15":"product-type-simple"},"_links":{"self":[{"href":"https:\/\/thomasaudio.se\/index.php?rest_route=\/wp\/v2\/product\/951","targetHints":{"allow":["GET"]}}],"collection":[{"href":"https:\/\/thomasaudio.se\/index.php?rest_route=\/wp\/v2\/product"}],"about":[{"href":"https:\/\/thomasaudio.se\/index.php?rest_route=\/wp\/v2\/types\/product"}],"wp:featuredmedia":[{"embeddable":true,"href":"https:\/\/thomasaudio.se\/index.php?rest_route=\/wp\/v2\/media\/952"}],"wp:attachment":[{"href":"https:\/\/thomasaudio.se\/index.php?rest_route=%2Fwp%2Fv2%2Fmedia&parent=951"}],"wp:term":[{"taxonomy":"product_brand","embeddable":true,"href":"https:\/\/thomasaudio.se\/index.php?rest_route=%2Fwp%2Fv2%2Fproduct_brand&post=951"},{"taxonomy":"product_cat","embeddable":true,"href":"https:\/\/thomasaudio.se\/index.php?rest_route=%2Fwp%2Fv2%2Fproduct_cat&post=951"},{"taxonomy":"product_tag","embeddable":true,"href":"https:\/\/thomasaudio.se\/index.php?rest_route=%2Fwp%2Fv2%2Fproduct_tag&post=951"}],"curies":[{"name":"wp","href":"https:\/\/api.w.org\/{rel}","templated":true}]}}