{"id":932,"date":"2026-03-19T16:54:41","date_gmt":"2026-03-19T16:54:41","guid":{"rendered":"https:\/\/thomasaudio.se\/?post_type=product&#038;p=932"},"modified":"2026-04-01T17:35:14","modified_gmt":"2026-04-01T17:35:14","slug":"jacob-lindberg-bach-on-the-rauwolf-lute","status":"publish","type":"product","link":"https:\/\/thomasaudio.se\/?product=jacob-lindberg-bach-on-the-rauwolf-lute","title":{"rendered":"Jacob Lindberg &#8211; Bach on the Rauwolf Lute"},"content":{"rendered":"<p>Bach var en skicklig musiker p\u00e5 tangenter men \u00e4ven uppskattad som violinist, men s\u00e5vitt vi vet idag spelade han inte luta. Han verkar dock ha varit fascinerad av instrumentets speciella ljudkvaliteter och var tydligt inspirerad av m\u00f6jligheterna.<\/p>\n<p>Jakob Lindberg spelade in den kompletta katalogen av sviterna 1992. N\u00e4r han h\u00e4r \u00e5terv\u00e4nder till komposit\u00f6ren n\u00e4stan tre decennier senare, g\u00f6r han det i s\u00e4llskap med sin v\u00e4lljudande Rauwolf-luta som byggdes i Augsburg omkring 1590 och f\u00f6rfinades 1715 under Bachs livstid.<\/p>\n","protected":false},"excerpt":{"rendered":"<p>Bach var en skicklig musiker p\u00e5 tangenter men \u00e4ven uppskattad som violinist, men s\u00e5vitt vi vet idag spelade han inte luta. Han verkar dock ha varit fascinerad av instrumentets speciella ljudkvaliteter och var tydligt inspirerad av m\u00f6jligheterna. Jakob Lindberg spelade in den kompletta katalogen av sviterna 1992. N\u00e4r han h\u00e4r \u00e5terv\u00e4nder till komposit\u00f6ren n\u00e4stan tre&#8230;<\/p>\n","protected":false},"featured_media":934,"template":"","meta":[],"product_brand":[256],"product_cat":[16],"product_tag":[18,36],"class_list":{"0":"post-932","1":"product","2":"type-product","3":"status-publish","4":"has-post-thumbnail","6":"product_brand-bis","7":"product_cat-album","8":"product_tag-cd","9":"product_tag-klassiskt","11":"first","12":"instock","13":"shipping-taxable","14":"purchasable","15":"product-type-simple"},"_links":{"self":[{"href":"https:\/\/thomasaudio.se\/index.php?rest_route=\/wp\/v2\/product\/932","targetHints":{"allow":["GET"]}}],"collection":[{"href":"https:\/\/thomasaudio.se\/index.php?rest_route=\/wp\/v2\/product"}],"about":[{"href":"https:\/\/thomasaudio.se\/index.php?rest_route=\/wp\/v2\/types\/product"}],"wp:featuredmedia":[{"embeddable":true,"href":"https:\/\/thomasaudio.se\/index.php?rest_route=\/wp\/v2\/media\/934"}],"wp:attachment":[{"href":"https:\/\/thomasaudio.se\/index.php?rest_route=%2Fwp%2Fv2%2Fmedia&parent=932"}],"wp:term":[{"taxonomy":"product_brand","embeddable":true,"href":"https:\/\/thomasaudio.se\/index.php?rest_route=%2Fwp%2Fv2%2Fproduct_brand&post=932"},{"taxonomy":"product_cat","embeddable":true,"href":"https:\/\/thomasaudio.se\/index.php?rest_route=%2Fwp%2Fv2%2Fproduct_cat&post=932"},{"taxonomy":"product_tag","embeddable":true,"href":"https:\/\/thomasaudio.se\/index.php?rest_route=%2Fwp%2Fv2%2Fproduct_tag&post=932"}],"curies":[{"name":"wp","href":"https:\/\/api.w.org\/{rel}","templated":true}]}}