{"id":883,"date":"2026-03-13T14:54:40","date_gmt":"2026-03-13T14:54:40","guid":{"rendered":"https:\/\/thomasaudio.se\/?post_type=product&#038;p=883"},"modified":"2026-05-02T08:48:02","modified_gmt":"2026-05-02T08:48:02","slug":"grado-hp100-se","status":"publish","type":"product","link":"https:\/\/thomasaudio.se\/?product=grado-hp100-se","title":{"rendered":"Grado HP100 SE"},"content":{"rendered":"<p>Grado Labs grundare Joseph Grado skapade vad m\u00e5nga anser, en referens f\u00f6r high-end-h\u00f6rlurar med lanseringen av Signature HP1-h\u00f6rlurarna i b\u00f6rjan av nittiotalet. I och med uppm\u00e4rksamheten av hans 100-\u00e5rsdag producerar Grado Labs dessa Special Edition-h\u00f6rlurar.<br \/>\n&#8221;\u00c4ven om min farbror l\u00e4mnade oss f\u00f6r tio \u00e5r sedan kommer han alltid att vara en n\u00e4rvaro f\u00f6r mig p\u00e5 Grado Labs&#8221;, s\u00e4ger Grados VD, John Grado.<\/p>\n<p>Speciellt 52 mm element med en kraftfull magnet<br \/>\nAluminiumprofil<br \/>\nAvtagbar kabel med 12 ledare<br \/>\n3,5 \u2013 51500 Hz<br \/>\nTHD: &lt;0,1 %<br \/>\nSPL: 117 dB<br \/>\nMatchning av elementen: 0,04 dB<br \/>\nKabel: 12-ledare, avtagbar<br \/>\nH\u00f6rlursanslutning: Mini XLR<\/p>\n","protected":false},"excerpt":{"rendered":"<p>Grado Labs senaste flaggskeppsmodell.<br \/>\n38 Ohm<\/p>\n","protected":false},"featured_media":887,"template":"","meta":[],"product_brand":[252],"product_cat":[56],"product_tag":[126,124,260],"class_list":{"0":"post-883","1":"product","2":"type-product","3":"status-publish","4":"has-post-thumbnail","6":"product_brand-grado","7":"product_cat-hifi","8":"product_tag-bygel","9":"product_tag-horlurar","10":"product_tag-kabel","12":"first","13":"instock","14":"shipping-taxable","15":"purchasable","16":"product-type-simple"},"_links":{"self":[{"href":"https:\/\/thomasaudio.se\/index.php?rest_route=\/wp\/v2\/product\/883","targetHints":{"allow":["GET"]}}],"collection":[{"href":"https:\/\/thomasaudio.se\/index.php?rest_route=\/wp\/v2\/product"}],"about":[{"href":"https:\/\/thomasaudio.se\/index.php?rest_route=\/wp\/v2\/types\/product"}],"wp:featuredmedia":[{"embeddable":true,"href":"https:\/\/thomasaudio.se\/index.php?rest_route=\/wp\/v2\/media\/887"}],"wp:attachment":[{"href":"https:\/\/thomasaudio.se\/index.php?rest_route=%2Fwp%2Fv2%2Fmedia&parent=883"}],"wp:term":[{"taxonomy":"product_brand","embeddable":true,"href":"https:\/\/thomasaudio.se\/index.php?rest_route=%2Fwp%2Fv2%2Fproduct_brand&post=883"},{"taxonomy":"product_cat","embeddable":true,"href":"https:\/\/thomasaudio.se\/index.php?rest_route=%2Fwp%2Fv2%2Fproduct_cat&post=883"},{"taxonomy":"product_tag","embeddable":true,"href":"https:\/\/thomasaudio.se\/index.php?rest_route=%2Fwp%2Fv2%2Fproduct_tag&post=883"}],"curies":[{"name":"wp","href":"https:\/\/api.w.org\/{rel}","templated":true}]}}