{"id":878,"date":"2026-03-13T13:18:35","date_gmt":"2026-03-13T13:18:35","guid":{"rendered":"https:\/\/thomasaudio.se\/?post_type=product&#038;p=878"},"modified":"2026-05-02T08:48:22","modified_gmt":"2026-05-02T08:48:22","slug":"grado-gs3000x","status":"publish","type":"product","link":"https:\/\/thomasaudio.se\/?product=grado-gs3000x","title":{"rendered":"Grado GS3000x"},"content":{"rendered":"<p>De f\u00f6rb\u00e4ttrade elementen som anv\u00e4nds i Statement Series GS3000x-h\u00f6rlurarna erbjuder en ny niv\u00e5 av engagemang i din musik. Det st\u00f6rre 52 mm-elementet har ett nykonstruerat membran, kraftfullare magnetiska kretsar och en talspole med en minskad effektiv massa. Med de nya k\u00e5porna av Cocobolotr\u00e4 \u00e4r varje par lurar designm\u00e4ssigt unika. En aluminiumkammare finns f\u00f6r att kontrollera o\u00f6nskade resonanser.<\/p>\n<p>Dessa uppgraderingar tillsammans med en ny ledare och den kopparnylon-fl\u00e4tade kabeln bidrar till den f\u00f6rb\u00e4ttrade effekten i ett extra rent ljud.<\/p>\n<p>Transducertyp: Dynamisk<br \/>\nDriftsprincip: \u00d6ppet<br \/>\n4 &#8211; 51 000 Hz<br \/>\nSPL: 99,8 dB<br \/>\nG-kuddar<\/p>\n","protected":false},"excerpt":{"rendered":"<p>38 Ohm<br \/>\n\u00d6ppen modell<\/p>\n","protected":false},"featured_media":879,"template":"","meta":[],"product_brand":[252],"product_cat":[56],"product_tag":[126,124,260],"class_list":{"0":"post-878","1":"product","2":"type-product","3":"status-publish","4":"has-post-thumbnail","6":"product_brand-grado","7":"product_cat-hifi","8":"product_tag-bygel","9":"product_tag-horlurar","10":"product_tag-kabel","12":"first","13":"instock","14":"shipping-taxable","15":"purchasable","16":"product-type-simple"},"_links":{"self":[{"href":"https:\/\/thomasaudio.se\/index.php?rest_route=\/wp\/v2\/product\/878","targetHints":{"allow":["GET"]}}],"collection":[{"href":"https:\/\/thomasaudio.se\/index.php?rest_route=\/wp\/v2\/product"}],"about":[{"href":"https:\/\/thomasaudio.se\/index.php?rest_route=\/wp\/v2\/types\/product"}],"wp:featuredmedia":[{"embeddable":true,"href":"https:\/\/thomasaudio.se\/index.php?rest_route=\/wp\/v2\/media\/879"}],"wp:attachment":[{"href":"https:\/\/thomasaudio.se\/index.php?rest_route=%2Fwp%2Fv2%2Fmedia&parent=878"}],"wp:term":[{"taxonomy":"product_brand","embeddable":true,"href":"https:\/\/thomasaudio.se\/index.php?rest_route=%2Fwp%2Fv2%2Fproduct_brand&post=878"},{"taxonomy":"product_cat","embeddable":true,"href":"https:\/\/thomasaudio.se\/index.php?rest_route=%2Fwp%2Fv2%2Fproduct_cat&post=878"},{"taxonomy":"product_tag","embeddable":true,"href":"https:\/\/thomasaudio.se\/index.php?rest_route=%2Fwp%2Fv2%2Fproduct_tag&post=878"}],"curies":[{"name":"wp","href":"https:\/\/api.w.org\/{rel}","templated":true}]}}