{"id":874,"date":"2026-03-13T12:57:11","date_gmt":"2026-03-13T12:57:11","guid":{"rendered":"https:\/\/thomasaudio.se\/?post_type=product&#038;p=874"},"modified":"2026-04-01T19:31:33","modified_gmt":"2026-04-01T19:31:33","slug":"grado-sr325x","status":"publish","type":"product","link":"https:\/\/thomasaudio.se\/?product=grado-sr325x","title":{"rendered":"Grado SR325x"},"content":{"rendered":"<p>H\u00f6rlursk\u00e5porna \u00e4r h\u00e4r tillverkade i aluminium med en v\u00e4l genomt\u00e4nkt aerodynamisk formgivning f\u00f6r att f\u00f6rb\u00e4ttra det akustiska ljudfl\u00f6det. Aluminiumk\u00e5porna ger modellen en h\u00f6g kvalitetsk\u00e4nsla. SR325x kan med f\u00f6rdel drivas med h\u00f6gkvalitativa h\u00f6rlursf\u00f6rst\u00e4rkare.<br \/>\nAnslutningskablarna best\u00e5r av \u00e5tta ledare av UHPLC-koppar (den renaste kopparn som finns).<br \/>\nLurarna har en \u00f6ppen diskant\u00e5tergivning, ett mjukt och v\u00e4ldefinierat mellanregister och en bas\u00e5tergivning med imponerande pondus.<\/p>\n<p>Ventilerade membran<br \/>\nPulverlackade h\u00f6rlursk\u00e5por av solid CNC-aluminium<br \/>\n18 &#8211; 24 000 Hz<br \/>\nK\u00e4nslighet: 99,8 dB<\/p>\n","protected":false},"excerpt":{"rendered":"<p>32 Ohm<br \/>\n\u00d6ppen modell<\/p>\n","protected":false},"featured_media":875,"template":"","meta":[],"product_brand":[252],"product_cat":[56],"product_tag":[126,124,260],"class_list":{"0":"post-874","1":"product","2":"type-product","3":"status-publish","4":"has-post-thumbnail","6":"product_brand-grado","7":"product_cat-hifi","8":"product_tag-bygel","9":"product_tag-horlurar","10":"product_tag-kabel","12":"first","13":"instock","14":"shipping-taxable","15":"purchasable","16":"product-type-simple"},"_links":{"self":[{"href":"https:\/\/thomasaudio.se\/index.php?rest_route=\/wp\/v2\/product\/874","targetHints":{"allow":["GET"]}}],"collection":[{"href":"https:\/\/thomasaudio.se\/index.php?rest_route=\/wp\/v2\/product"}],"about":[{"href":"https:\/\/thomasaudio.se\/index.php?rest_route=\/wp\/v2\/types\/product"}],"wp:featuredmedia":[{"embeddable":true,"href":"https:\/\/thomasaudio.se\/index.php?rest_route=\/wp\/v2\/media\/875"}],"wp:attachment":[{"href":"https:\/\/thomasaudio.se\/index.php?rest_route=%2Fwp%2Fv2%2Fmedia&parent=874"}],"wp:term":[{"taxonomy":"product_brand","embeddable":true,"href":"https:\/\/thomasaudio.se\/index.php?rest_route=%2Fwp%2Fv2%2Fproduct_brand&post=874"},{"taxonomy":"product_cat","embeddable":true,"href":"https:\/\/thomasaudio.se\/index.php?rest_route=%2Fwp%2Fv2%2Fproduct_cat&post=874"},{"taxonomy":"product_tag","embeddable":true,"href":"https:\/\/thomasaudio.se\/index.php?rest_route=%2Fwp%2Fv2%2Fproduct_tag&post=874"}],"curies":[{"name":"wp","href":"https:\/\/api.w.org\/{rel}","templated":true}]}}