{"id":847,"date":"2026-03-11T16:35:40","date_gmt":"2026-03-11T16:35:40","guid":{"rendered":"https:\/\/thomasaudio.se\/?post_type=product&#038;p=847"},"modified":"2026-04-01T19:51:06","modified_gmt":"2026-04-01T19:51:06","slug":"philip-catherine-75-live-at-flagey","status":"publish","type":"product","link":"https:\/\/thomasaudio.se\/butik\/album\/philip-catherine-75-live-at-flagey\/","title":{"rendered":"Philip Catherine &#8211; 75 (Live at Flagey)"},"content":{"rendered":"<p>Philip Catherine \u00e4r en av de musiker som under en produktiv karri\u00e4r har utvecklat ett unikt och autentiskt sound.<br \/>\nHan \u00e4r utan tvekan \u00e4r Philip Ctherine en av de stora inom europeisk jazz. Relationen mellan Philip och Flagey b\u00f6rjade f\u00f6r n\u00e4stan tjugo \u00e5r sedan. Det var d\u00e4rf\u00f6r naturligt att institutionen organiserade en konsert f\u00f6r att fira hans sjuttiofemte f\u00f6delsedag. Med fria h\u00e4nder best\u00e4mde han sig f\u00f6r att f\u00f6resl\u00e5 en \u00f6verraskande upps\u00e4ttning i kompet: tv\u00e5 pianister, tv\u00e5 trummisar, en trumpetare.<br \/>\nUrvalet av musik \u00e4r lika originellt med nummer som fanns p\u00e5 hans allra f\u00f6rsta inspelning, liksom nyare verk och n\u00e5gra coverversioner. N\u00e4r man lyssnar p\u00e5 albumet sl\u00e5s man av den ungdomlighet som omedelbart f\u00e5r oss att gl\u00f6mma hans \u00e5lder.<\/p>\n<p>1 From My Mother<br \/>\n2 Hello George<br \/>\n3 Seven Teas<br \/>\n4 So in Love<br \/>\n5 Smile<br \/>\n6 Bluesette<br \/>\n7 Piano Groove<br \/>\n8 You Don\u2019t Know What Love is<br \/>\n9 We\u2019ll Find a Way<br \/>\n10 Grand Nicolas<br \/>\n11 Nineteen Seventy Fourths<br \/>\n12 Mare di Notte<br \/>\n13 Dance for Victor Part 1<br \/>\n14 Dance for Victor Part 2<\/p>\n","protected":false},"excerpt":{"rendered":"<p>Philip Catherine \u00e4r en av de musiker som under en produktiv karri\u00e4r har utvecklat ett unikt och autentiskt sound. Han \u00e4r utan tvekan \u00e4r Philip Ctherine en av de stora inom europeisk jazz. Relationen mellan Philip och Flagey b\u00f6rjade f\u00f6r n\u00e4stan tjugo \u00e5r sedan. Det var d\u00e4rf\u00f6r naturligt att institutionen organiserade en konsert f\u00f6r att&#8230;<\/p>\n","protected":false},"featured_media":848,"template":"","meta":[],"product_brand":[250],"product_cat":[16],"product_tag":[18,19],"class_list":{"0":"post-847","1":"product","2":"type-product","3":"status-publish","4":"has-post-thumbnail","6":"product_brand-outnote","7":"product_cat-album","8":"product_tag-cd","9":"product_tag-jazz","11":"first","12":"instock","13":"shipping-taxable","14":"purchasable","15":"product-type-simple"},"_links":{"self":[{"href":"https:\/\/thomasaudio.se\/wp-json\/wp\/v2\/product\/847","targetHints":{"allow":["GET"]}}],"collection":[{"href":"https:\/\/thomasaudio.se\/wp-json\/wp\/v2\/product"}],"about":[{"href":"https:\/\/thomasaudio.se\/wp-json\/wp\/v2\/types\/product"}],"wp:featuredmedia":[{"embeddable":true,"href":"https:\/\/thomasaudio.se\/wp-json\/wp\/v2\/media\/848"}],"wp:attachment":[{"href":"https:\/\/thomasaudio.se\/wp-json\/wp\/v2\/media?parent=847"}],"wp:term":[{"taxonomy":"product_brand","embeddable":true,"href":"https:\/\/thomasaudio.se\/wp-json\/wp\/v2\/product_brand?post=847"},{"taxonomy":"product_cat","embeddable":true,"href":"https:\/\/thomasaudio.se\/wp-json\/wp\/v2\/product_cat?post=847"},{"taxonomy":"product_tag","embeddable":true,"href":"https:\/\/thomasaudio.se\/wp-json\/wp\/v2\/product_tag?post=847"}],"curies":[{"name":"wp","href":"https:\/\/api.w.org\/{rel}","templated":true}]}}