{"id":838,"date":"2026-03-10T16:42:40","date_gmt":"2026-03-10T16:42:40","guid":{"rendered":"https:\/\/thomasaudio.se\/?post_type=product&#038;p=838"},"modified":"2026-04-01T19:57:23","modified_gmt":"2026-04-01T19:57:23","slug":"royal-scottish-national-orchestra-thomas-wilson-symphonies-nos-2-5","status":"publish","type":"product","link":"https:\/\/thomasaudio.se\/?product=royal-scottish-national-orchestra-thomas-wilson-symphonies-nos-2-5","title":{"rendered":"Royal Scottish National Orchestra &#8211; Thomas Wilson: Symphonies Nos. 2 &#038; 5"},"content":{"rendered":"<p>Dirigent: Rory Macdonald<\/p>\n<p>Thomas Wilson beskrevs av The Herald magazine som Skottlands ledande moderna symfonist och betraktades som en centralgestalt f\u00f6r 1900-talets musikren\u00e4ssans i Skottland. Wilsons musik hyllades av Royal Scottish National Orchestra under hela hans liv, s\u00e5 det var passande att orkestern vill visa styrkan och uppfinningsrikedomen i hans orkesterverk. Den femte symfonin best\u00e4lldes av Scottish Chamber Orchestra f\u00f6r deras 25-\u00e5rsjubileum 1998 och skulle bli Wilsons sista verk. Inspelningen Har en ljud\u00e5tergivning med fin rumsupplevelse och h\u00f6g dynamik<\/p>\n","protected":false},"excerpt":{"rendered":"<p>Dirigent: Rory Macdonald Thomas Wilson beskrevs av The Herald magazine som Skottlands ledande moderna symfonist och betraktades som en centralgestalt f\u00f6r 1900-talets musikren\u00e4ssans i Skottland. Wilsons musik hyllades av Royal Scottish National Orchestra under hela hans liv, s\u00e5 det var passande att orkestern vill visa styrkan och uppfinningsrikedomen i hans orkesterverk. Den femte symfonin best\u00e4lldes&#8230;<\/p>\n","protected":false},"featured_media":839,"template":"","meta":[],"product_brand":[33],"product_cat":[16],"product_tag":[18,36],"class_list":{"0":"post-838","1":"product","2":"type-product","3":"status-publish","4":"has-post-thumbnail","6":"product_brand-linn-records","7":"product_cat-album","8":"product_tag-cd","9":"product_tag-klassiskt","11":"first","12":"instock","13":"shipping-taxable","14":"purchasable","15":"product-type-simple"},"_links":{"self":[{"href":"https:\/\/thomasaudio.se\/index.php?rest_route=\/wp\/v2\/product\/838","targetHints":{"allow":["GET"]}}],"collection":[{"href":"https:\/\/thomasaudio.se\/index.php?rest_route=\/wp\/v2\/product"}],"about":[{"href":"https:\/\/thomasaudio.se\/index.php?rest_route=\/wp\/v2\/types\/product"}],"wp:featuredmedia":[{"embeddable":true,"href":"https:\/\/thomasaudio.se\/index.php?rest_route=\/wp\/v2\/media\/839"}],"wp:attachment":[{"href":"https:\/\/thomasaudio.se\/index.php?rest_route=%2Fwp%2Fv2%2Fmedia&parent=838"}],"wp:term":[{"taxonomy":"product_brand","embeddable":true,"href":"https:\/\/thomasaudio.se\/index.php?rest_route=%2Fwp%2Fv2%2Fproduct_brand&post=838"},{"taxonomy":"product_cat","embeddable":true,"href":"https:\/\/thomasaudio.se\/index.php?rest_route=%2Fwp%2Fv2%2Fproduct_cat&post=838"},{"taxonomy":"product_tag","embeddable":true,"href":"https:\/\/thomasaudio.se\/index.php?rest_route=%2Fwp%2Fv2%2Fproduct_tag&post=838"}],"curies":[{"name":"wp","href":"https:\/\/api.w.org\/{rel}","templated":true}]}}