{"id":826,"date":"2026-03-10T12:48:18","date_gmt":"2026-03-10T12:48:18","guid":{"rendered":"https:\/\/thomasaudio.se\/?post_type=product&#038;p=826"},"modified":"2026-04-16T06:10:49","modified_gmt":"2026-04-16T06:10:49","slug":"marius-neset-time-to-live","status":"publish","type":"product","link":"https:\/\/thomasaudio.se\/?product=marius-neset-time-to-live","title":{"rendered":"Marius Neset &#8211; Time To Live"},"content":{"rendered":"<p>Virtuosensaxofonisten Marius Neset visar \u00e5terigen varf\u00f6r han st\u00e5r bland de mest f\u00e4ngslande musikerna inom samtida jazz. Hans energi, teknik och musikaliska fantasi har l\u00e4nge lockat v\u00e4rldsklassmusiker fr\u00e5n olika genrer att samarbeta med honom.<br \/>\nHela musiken p\u00e5 detta album \u00e4r komponerad och arrangerad av Neset f\u00f6r ett samarbete med Bergen Big Band, vilket g\u00f6r hans kreativa kraft tydlig. Albumet, framf\u00f6rt tillsammans med sin samarbetspartner Anton Eger p\u00e5 trummor, f\u00e5ngar den h\u00e4pnadsv\u00e4ckande bredden i Nestets musikaliska v\u00e4rld.<\/p>\n<p>1 The Opening<br \/>\n2 Time to Breathe &#8230;<br \/>\n3 &#8230; And Time to Live<br \/>\n4 Life can be Bright<br \/>\n5 The Unknown<br \/>\n6 &#8230; Time to Reflect<br \/>\n7 Coming Out<\/p>\n","protected":false},"excerpt":{"rendered":"<p>Virtuosensaxofonisten Marius Neset visar \u00e5terigen varf\u00f6r han st\u00e5r bland de mest f\u00e4ngslande musikerna inom samtida jazz. Hans energi, teknik och musikaliska fantasi har l\u00e4nge lockat v\u00e4rldsklassmusiker fr\u00e5n olika genrer att samarbeta med honom. Hela musiken p\u00e5 detta album \u00e4r komponerad och arrangerad av Neset f\u00f6r ett samarbete med Bergen Big Band, vilket g\u00f6r hans kreativa&#8230;<\/p>\n","protected":false},"featured_media":829,"template":"","meta":[],"product_brand":[17],"product_cat":[16],"product_tag":[18,19,20,23],"class_list":{"0":"post-826","1":"product","2":"type-product","3":"status-publish","4":"has-post-thumbnail","6":"product_brand-act","7":"product_cat-album","8":"product_tag-cd","9":"product_tag-jazz","10":"product_tag-upplevelsemusik","11":"product_tag-vinyl","13":"first","14":"instock","15":"shipping-taxable","16":"purchasable","17":"product-type-variable"},"_links":{"self":[{"href":"https:\/\/thomasaudio.se\/index.php?rest_route=\/wp\/v2\/product\/826","targetHints":{"allow":["GET"]}}],"collection":[{"href":"https:\/\/thomasaudio.se\/index.php?rest_route=\/wp\/v2\/product"}],"about":[{"href":"https:\/\/thomasaudio.se\/index.php?rest_route=\/wp\/v2\/types\/product"}],"wp:featuredmedia":[{"embeddable":true,"href":"https:\/\/thomasaudio.se\/index.php?rest_route=\/wp\/v2\/media\/829"}],"wp:attachment":[{"href":"https:\/\/thomasaudio.se\/index.php?rest_route=%2Fwp%2Fv2%2Fmedia&parent=826"}],"wp:term":[{"taxonomy":"product_brand","embeddable":true,"href":"https:\/\/thomasaudio.se\/index.php?rest_route=%2Fwp%2Fv2%2Fproduct_brand&post=826"},{"taxonomy":"product_cat","embeddable":true,"href":"https:\/\/thomasaudio.se\/index.php?rest_route=%2Fwp%2Fv2%2Fproduct_cat&post=826"},{"taxonomy":"product_tag","embeddable":true,"href":"https:\/\/thomasaudio.se\/index.php?rest_route=%2Fwp%2Fv2%2Fproduct_tag&post=826"}],"curies":[{"name":"wp","href":"https:\/\/api.w.org\/{rel}","templated":true}]}}