{"id":822,"date":"2026-03-08T18:01:35","date_gmt":"2026-03-08T18:01:35","guid":{"rendered":"https:\/\/thomasaudio.se\/?post_type=product&#038;p=822"},"modified":"2026-03-08T18:02:13","modified_gmt":"2026-03-08T18:02:13","slug":"helsinki-philharmonic-orchestra-leif-segerstam-sibelius-recordings","status":"publish","type":"product","link":"https:\/\/thomasaudio.se\/?product=helsinki-philharmonic-orchestra-leif-segerstam-sibelius-recordings","title":{"rendered":"Helsinki Philharmonic Orchestra \/ Leif Segerstam &#8211; Sibelius Recordings"},"content":{"rendered":"<p>Denna samling hyllar Leif Segerstam (1944\u20132024), en av de st\u00f6rsta Dirigenterna f\u00f6r Sibelius genom tiderna. Segerstam l\u00e4mnade ett best\u00e5ende avtryck i musikhistorien, p\u00e5 m\u00e5nga s\u00e4tt. Hans Sibelius-inspelningar f\u00f6r Ondine spelades in under hans mer \u00e4n ett decennium l\u00e5nga tid som chefsdirigent f\u00f6r Helsingfors Philharmonic Orchestra och utg\u00f6r en integrerad del av hans mer \u00e4n 30 album f\u00f6r Ondine mellan 1994 och 2015. Dessa inspelningar \u00e4r en lyckosam kombination av orkesterns traditionella s\u00e4tt att framf\u00f6ra Sibelius och Segerstams erfarenhet, hans k\u00e4nsliga \u00f6ra och kreativa energi.<\/p>\n","protected":false},"excerpt":{"rendered":"<p>15 CD-Box<br \/>\n66 kr \/ CD<\/p>\n","protected":false},"featured_media":823,"template":"","meta":[],"product_brand":[242],"product_cat":[16],"product_tag":[18,36],"class_list":{"0":"post-822","1":"product","2":"type-product","3":"status-publish","4":"has-post-thumbnail","6":"product_brand-ondine","7":"product_cat-album","8":"product_tag-cd","9":"product_tag-klassiskt","11":"first","12":"instock","13":"shipping-taxable","14":"purchasable","15":"product-type-simple"},"_links":{"self":[{"href":"https:\/\/thomasaudio.se\/index.php?rest_route=\/wp\/v2\/product\/822","targetHints":{"allow":["GET"]}}],"collection":[{"href":"https:\/\/thomasaudio.se\/index.php?rest_route=\/wp\/v2\/product"}],"about":[{"href":"https:\/\/thomasaudio.se\/index.php?rest_route=\/wp\/v2\/types\/product"}],"wp:featuredmedia":[{"embeddable":true,"href":"https:\/\/thomasaudio.se\/index.php?rest_route=\/wp\/v2\/media\/823"}],"wp:attachment":[{"href":"https:\/\/thomasaudio.se\/index.php?rest_route=%2Fwp%2Fv2%2Fmedia&parent=822"}],"wp:term":[{"taxonomy":"product_brand","embeddable":true,"href":"https:\/\/thomasaudio.se\/index.php?rest_route=%2Fwp%2Fv2%2Fproduct_brand&post=822"},{"taxonomy":"product_cat","embeddable":true,"href":"https:\/\/thomasaudio.se\/index.php?rest_route=%2Fwp%2Fv2%2Fproduct_cat&post=822"},{"taxonomy":"product_tag","embeddable":true,"href":"https:\/\/thomasaudio.se\/index.php?rest_route=%2Fwp%2Fv2%2Fproduct_tag&post=822"}],"curies":[{"name":"wp","href":"https:\/\/api.w.org\/{rel}","templated":true}]}}