{"id":787,"date":"2026-03-06T17:41:48","date_gmt":"2026-03-06T17:41:48","guid":{"rendered":"https:\/\/thomasaudio.se\/?post_type=product&#038;p=787"},"modified":"2026-03-07T08:39:59","modified_gmt":"2026-03-07T08:39:59","slug":"percussions-de-strasbourg-minimal","status":"publish","type":"product","link":"https:\/\/thomasaudio.se\/?product=percussions-de-strasbourg-minimal","title":{"rendered":"Percussions de Strasbourg &#8211; Minimal"},"content":{"rendered":"<p>MINIMAL markerar Percussions de Strasbourgs f\u00f6rsta f\u00f6rs\u00f6k in i den minimalistiska musikens v\u00e4rld. Troget sin legendariska historia men \u00f6ppet f\u00f6r andra ljudliga horisonter av en variation av rytmer och klanger. Denna inspelning \u00e4r centrerad kring Steve Reichs ber\u00f6mda Mallet Quartet.<\/p>\n<p>1 Mallet quartet : I. fast<br \/>\n2 Mallet quartet : II. slow<br \/>\n3 Mallet quartet: III. fast<br \/>\n4 Seven eleven<br \/>\n5 Avant, pendant, et pourtant : I. avant<br \/>\n6 Avant, pendant, et pourtant : II. Pendant<br \/>\n7 Avant, pendant, et pourtant : III. et pourtant<br \/>\n8 Sunday<\/p>\n","protected":false},"excerpt":{"rendered":"<p>MINIMAL markerar Percussions de Strasbourgs f\u00f6rsta f\u00f6rs\u00f6k in i den minimalistiska musikens v\u00e4rld. Troget sin legendariska historia men \u00f6ppet f\u00f6r andra ljudliga horisonter av en variation av rytmer och klanger. Denna inspelning \u00e4r centrerad kring Steve Reichs ber\u00f6mda Mallet Quartet. 1 Mallet quartet : I. fast 2 Mallet quartet : II. slow 3 Mallet quartet:&#8230;<\/p>\n","protected":false},"featured_media":788,"template":"","meta":[],"product_brand":[51],"product_cat":[56],"product_tag":[18,39,174],"class_list":{"0":"post-787","1":"product","2":"type-product","3":"status-publish","4":"has-post-thumbnail","6":"product_brand-outthere-music","7":"product_cat-hifi","8":"product_tag-cd","9":"product_tag-nutida-instrumentellt","10":"product_tag-percussions-de-strasbourg","12":"first","13":"instock","14":"shipping-taxable","15":"purchasable","16":"product-type-simple"},"_links":{"self":[{"href":"https:\/\/thomasaudio.se\/index.php?rest_route=\/wp\/v2\/product\/787","targetHints":{"allow":["GET"]}}],"collection":[{"href":"https:\/\/thomasaudio.se\/index.php?rest_route=\/wp\/v2\/product"}],"about":[{"href":"https:\/\/thomasaudio.se\/index.php?rest_route=\/wp\/v2\/types\/product"}],"wp:featuredmedia":[{"embeddable":true,"href":"https:\/\/thomasaudio.se\/index.php?rest_route=\/wp\/v2\/media\/788"}],"wp:attachment":[{"href":"https:\/\/thomasaudio.se\/index.php?rest_route=%2Fwp%2Fv2%2Fmedia&parent=787"}],"wp:term":[{"taxonomy":"product_brand","embeddable":true,"href":"https:\/\/thomasaudio.se\/index.php?rest_route=%2Fwp%2Fv2%2Fproduct_brand&post=787"},{"taxonomy":"product_cat","embeddable":true,"href":"https:\/\/thomasaudio.se\/index.php?rest_route=%2Fwp%2Fv2%2Fproduct_cat&post=787"},{"taxonomy":"product_tag","embeddable":true,"href":"https:\/\/thomasaudio.se\/index.php?rest_route=%2Fwp%2Fv2%2Fproduct_tag&post=787"}],"curies":[{"name":"wp","href":"https:\/\/api.w.org\/{rel}","templated":true}]}}