{"id":785,"date":"2026-03-06T16:25:33","date_gmt":"2026-03-06T16:25:33","guid":{"rendered":"https:\/\/thomasaudio.se\/?post_type=product&#038;p=785"},"modified":"2026-03-06T16:25:34","modified_gmt":"2026-03-06T16:25:34","slug":"irene-schweizer-gunter-sommer-live","status":"publish","type":"product","link":"https:\/\/thomasaudio.se\/?product=irene-schweizer-gunter-sommer-live","title":{"rendered":"Ir\u00e8ne Schweizer &#038; G\u00fcnter Sommer Live"},"content":{"rendered":"<p>Egendomligt och underbart p\u00e5 samma g\u00e5ng. Det som g\u00f6r det h\u00e4r albumet till en p\u00e4rla \u00e4r fr\u00e4mst b\u00e5das oerh\u00f6rda skicklighet som musiker men ocks\u00e5 inte minst, en stor k\u00e4nsla f\u00f6r disproportioner och en vuxen form av lekfullhet. Inte en sekund utan k\u00e4nslan av at f\u00e5 uppleva \u00f6verraskande moment.<\/p>\n<p>Ir\u00e8ne Schweizer: Piano<br \/>\nG\u00fcnter Sommer: Drums<br \/>\nLive Februari, 1987 p\u00e5 Rote Fabrik, Z\u00fcrich<\/p>\n<p>&#8221;..En allvarlig djup \u00f6msesidig f\u00f6rst\u00e5else med en s\u00e5 \u00f6ppen agenda. Vissa sp\u00e5r \u00e4r korta, som den tv\u00e5 minuter l\u00e5nga \u00f6ppningsl\u00e5ten \u00abDresdener Schlittenfahrt\u00bb, och f\u00f6rl\u00e4ngs n\u00e5got till den 19 minuter l\u00e5nga \u00abSchweizersommer\u00bb, men den sista \u00e4r flexibelt episodisk, och \u00e4ven om den till viss del liknar de andra \u00e4r den kvalitativt s\u00e5v\u00e4l som kvantitativt annorlunda eftersom det inte r\u00e5der n\u00e5gon tvekan om den avsiktliga avsikten att spela s\u00e5 l\u00e4nge. Inget p\u00e5 detta album h\u00e4nde precis, men lika mycket \u00e4r inget \u00f6verstuderat heller.<\/p>\n<p>S\u00e5 det \u00e4r allt mer \u00e4n bara improviserat i bem\u00e4rkelsen att ta sig fr\u00e5n A till B (eller Z), men det lyckas \u00e4nd\u00e5 undvika n\u00e5gon mer genomt\u00e4nkt k\u00e4nsla av \u00abkomposition\u00bb. Id\u00e9n om John Zorns \u00abspelplaner\u00bb kan med f\u00f6rdel \u00e5beropas. \u00d6verlag finns det en transparens i musiken som g\u00f6r att Schweizer och Sommer kan blanda det medvetna och det instinktiva s\u00f6ml\u00f6st, men \u00e4nd\u00e5 g\u00f6ra lyssnaren medveten om b\u00e5das n\u00e4rvaro. Grymt!!&#8221;<br \/>\n\/\/ Jack Cooke, The Wire Magazine, London<\/p>\n","protected":false},"excerpt":{"rendered":"<p>Egendomligt och underbart p\u00e5 samma g\u00e5ng. Det som g\u00f6r det h\u00e4r albumet till en p\u00e4rla \u00e4r fr\u00e4mst b\u00e5das oerh\u00f6rda skicklighet som musiker men ocks\u00e5 inte minst, en stor k\u00e4nsla f\u00f6r disproportioner och en vuxen form av lekfullhet. Inte en sekund utan k\u00e4nslan av at f\u00e5 uppleva \u00f6verraskande moment. Ir\u00e8ne Schweizer: Piano G\u00fcnter Sommer: Drums Live&#8230;<\/p>\n","protected":false},"featured_media":786,"template":"","meta":[],"product_brand":[170],"product_cat":[16],"product_tag":[18,20],"class_list":{"0":"post-785","1":"product","2":"type-product","3":"status-publish","4":"has-post-thumbnail","6":"product_brand-intakt-records","7":"product_cat-album","8":"product_tag-cd","9":"product_tag-upplevelsemusik","11":"first","12":"instock","13":"shipping-taxable","14":"purchasable","15":"product-type-simple"},"_links":{"self":[{"href":"https:\/\/thomasaudio.se\/index.php?rest_route=\/wp\/v2\/product\/785","targetHints":{"allow":["GET"]}}],"collection":[{"href":"https:\/\/thomasaudio.se\/index.php?rest_route=\/wp\/v2\/product"}],"about":[{"href":"https:\/\/thomasaudio.se\/index.php?rest_route=\/wp\/v2\/types\/product"}],"wp:featuredmedia":[{"embeddable":true,"href":"https:\/\/thomasaudio.se\/index.php?rest_route=\/wp\/v2\/media\/786"}],"wp:attachment":[{"href":"https:\/\/thomasaudio.se\/index.php?rest_route=%2Fwp%2Fv2%2Fmedia&parent=785"}],"wp:term":[{"taxonomy":"product_brand","embeddable":true,"href":"https:\/\/thomasaudio.se\/index.php?rest_route=%2Fwp%2Fv2%2Fproduct_brand&post=785"},{"taxonomy":"product_cat","embeddable":true,"href":"https:\/\/thomasaudio.se\/index.php?rest_route=%2Fwp%2Fv2%2Fproduct_cat&post=785"},{"taxonomy":"product_tag","embeddable":true,"href":"https:\/\/thomasaudio.se\/index.php?rest_route=%2Fwp%2Fv2%2Fproduct_tag&post=785"}],"curies":[{"name":"wp","href":"https:\/\/api.w.org\/{rel}","templated":true}]}}