{"id":691,"date":"2026-03-02T21:35:43","date_gmt":"2026-03-02T21:35:43","guid":{"rendered":"https:\/\/thomasaudio.se\/?post_type=product&#038;p=691"},"modified":"2026-03-14T09:35:11","modified_gmt":"2026-03-14T09:35:11","slug":"audio-technica-at-lp7x","status":"publish","type":"product","link":"https:\/\/thomasaudio.se\/?product=audio-technica-at-lp7x","title":{"rendered":"audio-technica AT-LP7X"},"content":{"rendered":"<p><strong>Skivspelare.<\/strong><br \/>\n20 mm tjock akryltallrik<br \/>\nWow och flutter: &lt; 0.1 %<br \/>\nSNR: &gt; 60 dB<br \/>\nUtg\u00e5ngsniv\u00e5er: PHONO: 4.0 mV, LINE: 252 mV<br \/>\nFonof\u00f6rst\u00e4rkare (RIAA utj\u00e4mnad): MM: 36 dB, MC: 56 dB<br \/>\nSold Separately Motvikt (tung)<br \/>\n<strong>Tonearm<\/strong><br \/>\nEffektiv l\u00e4ngd 247 mm (9.7\u201d)<br \/>\n\u00d6verh\u00e4ng 15 mm (0.59\u201d)<br \/>\nMaximal sp\u00e5rningsfelvinkel: &lt; 2.0\u00b0<br \/>\nMAX n\u00e5ltryck: upp till 4.0 gram<br \/>\n<strong>Pickup<\/strong><br \/>\nModel: AT-VM95E BK<br \/>\n450 \u00d7 352 \u00d7 157 mm<br \/>\n7,6 kg<\/p>\n","protected":false},"excerpt":{"rendered":"<p>20 mm Akryltallrik<br \/>\nUtbytbar signalkabel<br \/>\nInmonterad pickupf\u00f6rst\u00e4rkare MM\/MC<\/p>\n","protected":false},"featured_media":695,"template":"","meta":[],"product_brand":[148],"product_cat":[56],"product_tag":[136,80],"class_list":{"0":"post-691","1":"product","2":"type-product","3":"status-publish","4":"has-post-thumbnail","6":"product_brand-audio-technica","7":"product_cat-hifi","8":"product_tag-skivspelare","9":"product_tag-spelare","11":"first","12":"instock","13":"shipping-taxable","14":"purchasable","15":"product-type-simple"},"_links":{"self":[{"href":"https:\/\/thomasaudio.se\/index.php?rest_route=\/wp\/v2\/product\/691","targetHints":{"allow":["GET"]}}],"collection":[{"href":"https:\/\/thomasaudio.se\/index.php?rest_route=\/wp\/v2\/product"}],"about":[{"href":"https:\/\/thomasaudio.se\/index.php?rest_route=\/wp\/v2\/types\/product"}],"wp:featuredmedia":[{"embeddable":true,"href":"https:\/\/thomasaudio.se\/index.php?rest_route=\/wp\/v2\/media\/695"}],"wp:attachment":[{"href":"https:\/\/thomasaudio.se\/index.php?rest_route=%2Fwp%2Fv2%2Fmedia&parent=691"}],"wp:term":[{"taxonomy":"product_brand","embeddable":true,"href":"https:\/\/thomasaudio.se\/index.php?rest_route=%2Fwp%2Fv2%2Fproduct_brand&post=691"},{"taxonomy":"product_cat","embeddable":true,"href":"https:\/\/thomasaudio.se\/index.php?rest_route=%2Fwp%2Fv2%2Fproduct_cat&post=691"},{"taxonomy":"product_tag","embeddable":true,"href":"https:\/\/thomasaudio.se\/index.php?rest_route=%2Fwp%2Fv2%2Fproduct_tag&post=691"}],"curies":[{"name":"wp","href":"https:\/\/api.w.org\/{rel}","templated":true}]}}