{"id":594,"date":"2026-02-26T16:49:52","date_gmt":"2026-02-26T16:49:52","guid":{"rendered":"https:\/\/thomasaudio.se\/?post_type=product&#038;p=594"},"modified":"2026-04-10T15:50:39","modified_gmt":"2026-04-10T15:50:39","slug":"oehlbach-adc-omvandlare","status":"publish","type":"product","link":"https:\/\/thomasaudio.se\/?product=oehlbach-adc-omvandlare","title":{"rendered":"Oehlbach &#8211; ADC omvandlare"},"content":{"rendered":"<p>Oehlbach ADC utf\u00f6r h\u00f6gkvalitativ omvandling av en analog-elektrisk signal till en digital signal.<\/p>\n<p>Cirrus Logic<br \/>\nRCA &#8211;&gt; Coax eller Opt<br \/>\nChassie av metall<br \/>\n<span style=\"color: #ff0000;\">Ett tips!<\/span> Ist\u00e4llet f\u00f6r den bifogade str\u00f6madaptern, ta en titt p\u00e5 str\u00f6madaptern <a href=\"https:\/\/thomasaudio.se\/?s=ipower&amp;post_type=product&amp;dgwt_wcas=1\" target=\"_blank\" rel=\"noopener\">ifi iPowerX<\/a>. Resultatet blir en p\u00e5tagligt h\u00f6gre ljudkvalitet.<\/p>\n","protected":false},"excerpt":{"rendered":"<p>Uppspelning i 96 kHz<\/p>\n","protected":false},"featured_media":595,"template":"","meta":[],"product_brand":[91],"product_cat":[56],"product_tag":[120,60,81],"class_list":{"0":"post-594","1":"product","2":"type-product","3":"status-publish","4":"has-post-thumbnail","6":"product_brand-oehlbach","7":"product_cat-hifi","8":"product_tag-adc","9":"product_tag-kringutrustning","10":"product_tag-omvandlare","12":"first","13":"instock","14":"shipping-taxable","15":"purchasable","16":"product-type-simple"},"_links":{"self":[{"href":"https:\/\/thomasaudio.se\/index.php?rest_route=\/wp\/v2\/product\/594","targetHints":{"allow":["GET"]}}],"collection":[{"href":"https:\/\/thomasaudio.se\/index.php?rest_route=\/wp\/v2\/product"}],"about":[{"href":"https:\/\/thomasaudio.se\/index.php?rest_route=\/wp\/v2\/types\/product"}],"wp:featuredmedia":[{"embeddable":true,"href":"https:\/\/thomasaudio.se\/index.php?rest_route=\/wp\/v2\/media\/595"}],"wp:attachment":[{"href":"https:\/\/thomasaudio.se\/index.php?rest_route=%2Fwp%2Fv2%2Fmedia&parent=594"}],"wp:term":[{"taxonomy":"product_brand","embeddable":true,"href":"https:\/\/thomasaudio.se\/index.php?rest_route=%2Fwp%2Fv2%2Fproduct_brand&post=594"},{"taxonomy":"product_cat","embeddable":true,"href":"https:\/\/thomasaudio.se\/index.php?rest_route=%2Fwp%2Fv2%2Fproduct_cat&post=594"},{"taxonomy":"product_tag","embeddable":true,"href":"https:\/\/thomasaudio.se\/index.php?rest_route=%2Fwp%2Fv2%2Fproduct_tag&post=594"}],"curies":[{"name":"wp","href":"https:\/\/api.w.org\/{rel}","templated":true}]}}