{"id":498,"date":"2026-02-24T10:24:02","date_gmt":"2026-02-24T10:24:02","guid":{"rendered":"https:\/\/thomasaudio.se\/?post_type=product&#038;p=498"},"modified":"2026-02-25T09:00:11","modified_gmt":"2026-02-25T09:00:11","slug":"oehlbach-phono-weight","status":"publish","type":"product","link":"https:\/\/thomasaudio.se\/?product=oehlbach-phono-weight","title":{"rendered":"Oehlbach Phono Weight"},"content":{"rendered":"<p>Den h\u00e4r svarta borde inte saknas invid n\u00e5gon skivspelare.<br \/>\n8 cm i diameter och 4 cm h\u00f6g ger dina skivor r\u00e4tt tryck s\u00e5 att de ligger stadigt och vibrationsfria p\u00e5 skivspelaren.<br \/>\nEn vikt p\u00e5 420 gram packad i en svart aluminiumlegering g\u00f6r den h\u00f6rbara skillnaden.<\/p>\n","protected":false},"excerpt":{"rendered":"<p>Den pyttelilla diamantn\u00e5len k\u00e4nner av pyttesm\u00e5 vibrationer &#8211; \u00e4ven de som inte kommer ur skivsp\u00e5ret.<\/p>\n","protected":false},"featured_media":500,"template":"","meta":[],"product_brand":[91],"product_cat":[56],"product_tag":[60,67],"class_list":{"0":"post-498","1":"product","2":"type-product","3":"status-publish","4":"has-post-thumbnail","6":"product_brand-oehlbach","7":"product_cat-hifi","8":"product_tag-kringutrustning","9":"product_tag-ljudforbattring","11":"first","12":"instock","13":"shipping-taxable","14":"purchasable","15":"product-type-simple"},"_links":{"self":[{"href":"https:\/\/thomasaudio.se\/index.php?rest_route=\/wp\/v2\/product\/498","targetHints":{"allow":["GET"]}}],"collection":[{"href":"https:\/\/thomasaudio.se\/index.php?rest_route=\/wp\/v2\/product"}],"about":[{"href":"https:\/\/thomasaudio.se\/index.php?rest_route=\/wp\/v2\/types\/product"}],"wp:featuredmedia":[{"embeddable":true,"href":"https:\/\/thomasaudio.se\/index.php?rest_route=\/wp\/v2\/media\/500"}],"wp:attachment":[{"href":"https:\/\/thomasaudio.se\/index.php?rest_route=%2Fwp%2Fv2%2Fmedia&parent=498"}],"wp:term":[{"taxonomy":"product_brand","embeddable":true,"href":"https:\/\/thomasaudio.se\/index.php?rest_route=%2Fwp%2Fv2%2Fproduct_brand&post=498"},{"taxonomy":"product_cat","embeddable":true,"href":"https:\/\/thomasaudio.se\/index.php?rest_route=%2Fwp%2Fv2%2Fproduct_cat&post=498"},{"taxonomy":"product_tag","embeddable":true,"href":"https:\/\/thomasaudio.se\/index.php?rest_route=%2Fwp%2Fv2%2Fproduct_tag&post=498"}],"curies":[{"name":"wp","href":"https:\/\/api.w.org\/{rel}","templated":true}]}}