{"id":400,"date":"2026-02-21T13:15:25","date_gmt":"2026-02-21T13:15:25","guid":{"rendered":"https:\/\/thomasaudio.se\/?post_type=product&#038;p=400"},"modified":"2026-02-21T16:25:20","modified_gmt":"2026-02-21T16:25:20","slug":"ifi-zen-dac-3","status":"publish","type":"product","link":"https:\/\/thomasaudio.se\/?product=ifi-zen-dac-3","title":{"rendered":"ifi ZEN DAC 3"},"content":{"rendered":"<p>Denna flerfaldigt prisbel\u00f6nta station\u00e4ra DAC levererar h\u00f6gkvalitativ HiFi-prestanda till alla h\u00f6rlurar och h\u00f6gtalare, oavsett pris.<\/p>\n<p>St\u00f6d f\u00f6r h\u00f6guppl\u00f6st ljud\u00e5tergivning med Burr Brown True Native\u00ae.<br \/>\nEN DAC3 \u00f6ppnar upp din musik i Redbook PCM till 32-bitars\/768 kHz, DSD512 och dubbel DXD. Med sitt moderna USB-C-gr\u00e4nssnitt kan du enkelt ansluta till b\u00e4rbara datorer, smartphones och surfplattor utan behov av extra drivrutiner.<br \/>\n&#8211; ZEN DAC 3 fungerar ocks\u00e5 som h\u00f6rlursf\u00f6rst\u00e4rkare och f\u00f6rf\u00f6rst\u00e4rkare i en allt-i-ett-l\u00f6sning.<br \/>\n&#8211; ifi PowerMatch k\u00e4nner automatiskt in den perfekta niv\u00e5n f\u00f6r dina h\u00f6rlurar oavsett om dom \u00e4r l\u00e4ttdrivna eller tr\u00f6gdrivna.<br \/>\n&#8211; F\u00f6rst\u00e4rk basen med ifi XBass+, ett rent analogt l\u00e4ge som st\u00e4rker basen utan att \u00f6verlappa mellanregistret.<br \/>\n&#8211; ZEN DAC 3 har ocks\u00e5 skydd mot \u00f6versp\u00e4nning via den helt nya USB-C-ing\u00e5ngen.<\/p>\n<p>Dynamik: Line: \u2265 113 dB, H\u00f6rlursdel: \u2265 109 dB<br \/>\nFormat: PCM 768 kHz, DSD X512, DXD 768 kHz<br \/>\nFull MQA<br \/>\nEtt tips \u00e4r att anv\u00e4nda <a href=\"https:\/\/thomasaudio.se\/produkt\/silentpower-ipowerx\/\" target=\"_blank\" rel=\"noopener\">ifi iPowerX<\/a> str\u00f6madapter &#8211; 5V<\/p>\n<p>GAME*: SONY PS5 och Nintendo<br \/>\nStr\u00f6madapter: USB-C eller DC 5V\/0.5 A<\/p>\n<p>158 x 115 x 35mm<br \/>\n456 g<\/p>\n<p>*Sony Group Corporation.<br \/>\nPS5 Sony Interactive Entertainment Inc.<br \/>\nNintendo Switch\u2122<\/p>\n","protected":false},"excerpt":{"rendered":"<p>Denna flerfaldigt prisbel\u00f6nta station\u00e4ra DAC levererar h\u00f6gkvalitativ HiFi-prestanda till alla h\u00f6rlurar och h\u00f6gtalare, oavsett pris. St\u00f6d f\u00f6r h\u00f6guppl\u00f6st ljud\u00e5tergivning med Burr Brown True Native\u00ae. EN DAC3 \u00f6ppnar upp din musik i Redbook PCM till 32-bitars\/768 kHz, DSD512 och dubbel DXD. Med sitt moderna USB-C-gr\u00e4nssnitt kan du enkelt ansluta till b\u00e4rbara datorer, smartphones och surfplattor utan&#8230;<\/p>\n","protected":false},"featured_media":401,"template":"","meta":[],"product_brand":[71],"product_cat":[56],"product_tag":[72,79,73,81],"class_list":{"0":"post-400","1":"product","2":"type-product","3":"status-publish","4":"has-post-thumbnail","6":"product_brand-ifi","7":"product_cat-hifi","8":"product_tag-dac","9":"product_tag-forstarkare","10":"product_tag-horlursforstarkare","11":"product_tag-omvandlare","13":"first","14":"instock","15":"shipping-taxable","16":"purchasable","17":"product-type-simple"},"_links":{"self":[{"href":"https:\/\/thomasaudio.se\/index.php?rest_route=\/wp\/v2\/product\/400","targetHints":{"allow":["GET"]}}],"collection":[{"href":"https:\/\/thomasaudio.se\/index.php?rest_route=\/wp\/v2\/product"}],"about":[{"href":"https:\/\/thomasaudio.se\/index.php?rest_route=\/wp\/v2\/types\/product"}],"wp:featuredmedia":[{"embeddable":true,"href":"https:\/\/thomasaudio.se\/index.php?rest_route=\/wp\/v2\/media\/401"}],"wp:attachment":[{"href":"https:\/\/thomasaudio.se\/index.php?rest_route=%2Fwp%2Fv2%2Fmedia&parent=400"}],"wp:term":[{"taxonomy":"product_brand","embeddable":true,"href":"https:\/\/thomasaudio.se\/index.php?rest_route=%2Fwp%2Fv2%2Fproduct_brand&post=400"},{"taxonomy":"product_cat","embeddable":true,"href":"https:\/\/thomasaudio.se\/index.php?rest_route=%2Fwp%2Fv2%2Fproduct_cat&post=400"},{"taxonomy":"product_tag","embeddable":true,"href":"https:\/\/thomasaudio.se\/index.php?rest_route=%2Fwp%2Fv2%2Fproduct_tag&post=400"}],"curies":[{"name":"wp","href":"https:\/\/api.w.org\/{rel}","templated":true}]}}