{"id":337,"date":"2026-02-19T15:21:39","date_gmt":"2026-02-19T15:21:39","guid":{"rendered":"https:\/\/thomasaudio.se\/?post_type=product&#038;p=337"},"modified":"2026-04-25T12:32:50","modified_gmt":"2026-04-25T12:32:50","slug":"jan-gunnar-hoff-stories","status":"publish","type":"product","link":"https:\/\/thomasaudio.se\/butik\/album\/jan-gunnar-hoff-stories\/","title":{"rendered":"Jan Gunnar Hoff &#8211; Stories"},"content":{"rendered":"<p>&#8221;Musik \u00e4r f\u00f6r mig som pianist och komposit\u00f6r en str\u00e4van efter djup och en jakt p\u00e5 att hitta en bro mellan mina k\u00e4nslor och pianot. N\u00e4r jag b\u00f6rjar \u00e4r jag os\u00e4ker p\u00e5 vart resan kommer att ta mig och hur den kommer att sluta. Det \u00e4r viktigt att kompositioner och improvisationer utg\u00f6r en naturlig helhet. Och klassiska l\u00e5tar som God Only Knows \u00e4r ber\u00e4ttelser och de m\u00e5ste ber\u00e4ttas p\u00e5 ett personligt s\u00e4tt. Att samla allt p\u00e5 ett album \u00e4r sp\u00e4nnande och givande.&#8221;<br \/>\n\/\/Jan Gunnar Hoff<\/p>\n<p>Stories \u00e4r Jan Gunnar Hoffs tredje soloalbum p\u00e5 2L och \u00e4r en uppf\u00f6ljare till hans kritikerrosade album LIVING. H\u00e4r t\u00e4njer Hoff sina kreativa f\u00f6rm\u00e5gor och presenterar kontrasterande kompositioner i en tydligt personlig blandning. Vissa stycken \u00e4r meditativa medan andra har en stark rytmisk struktur. Stories visar ocks\u00e5 Hoff som arrang\u00f6r och presenterar versioner av klassiker som God Only Knows och den omtyckta svenska folks\u00e5ngen V\u00e4rmlandsvisan.<\/p>\n<p>Disc 1<br \/>\nHybrid SACD<br \/>\nMCH 5.1 DSD<br \/>\nStereo DSD<\/p>\n<p>Disc 2<br \/>\nPure Audio Blu-ray<br \/>\n2.0 LPCM 192\/24<br \/>\n5.1 DTS HDMA 192\/24<br \/>\n9.1 Auro-3D<br \/>\nDolby Atmos<br \/>\nmShuttle: MQA + MP3<\/p>\n","protected":false},"excerpt":{"rendered":"<p>&#8221;Musik \u00e4r f\u00f6r mig som pianist och komposit\u00f6r en str\u00e4van efter djup och en jakt p\u00e5 att hitta en bro mellan mina k\u00e4nslor och pianot. N\u00e4r jag b\u00f6rjar \u00e4r jag os\u00e4ker p\u00e5 vart resan kommer att ta mig och hur den kommer att sluta. Det \u00e4r viktigt att kompositioner och improvisationer utg\u00f6r en naturlig helhet&#8230;.<\/p>\n","protected":false},"featured_media":338,"template":"","meta":[],"product_brand":[41],"product_cat":[16],"product_tag":[44,18,181,19,46],"class_list":{"0":"post-337","1":"product","2":"type-product","3":"status-publish","4":"has-post-thumbnail","6":"product_brand-2l","7":"product_cat-album","8":"product_tag-bluray-audio","9":"product_tag-cd","10":"product_tag-jan-gunnar-hoff","11":"product_tag-jazz","12":"product_tag-sacd","14":"first","15":"instock","16":"shipping-taxable","17":"purchasable","18":"product-type-simple"},"_links":{"self":[{"href":"https:\/\/thomasaudio.se\/wp-json\/wp\/v2\/product\/337","targetHints":{"allow":["GET"]}}],"collection":[{"href":"https:\/\/thomasaudio.se\/wp-json\/wp\/v2\/product"}],"about":[{"href":"https:\/\/thomasaudio.se\/wp-json\/wp\/v2\/types\/product"}],"wp:featuredmedia":[{"embeddable":true,"href":"https:\/\/thomasaudio.se\/wp-json\/wp\/v2\/media\/338"}],"wp:attachment":[{"href":"https:\/\/thomasaudio.se\/wp-json\/wp\/v2\/media?parent=337"}],"wp:term":[{"taxonomy":"product_brand","embeddable":true,"href":"https:\/\/thomasaudio.se\/wp-json\/wp\/v2\/product_brand?post=337"},{"taxonomy":"product_cat","embeddable":true,"href":"https:\/\/thomasaudio.se\/wp-json\/wp\/v2\/product_cat?post=337"},{"taxonomy":"product_tag","embeddable":true,"href":"https:\/\/thomasaudio.se\/wp-json\/wp\/v2\/product_tag?post=337"}],"curies":[{"name":"wp","href":"https:\/\/api.w.org\/{rel}","templated":true}]}}