{"id":330,"date":"2026-02-19T14:58:29","date_gmt":"2026-02-19T14:58:29","guid":{"rendered":"https:\/\/thomasaudio.se\/?post_type=product&#038;p=330"},"modified":"2026-03-07T08:45:07","modified_gmt":"2026-03-07T08:45:07","slug":"julia-hulsmann-quartet-under-the-surface","status":"publish","type":"product","link":"https:\/\/thomasaudio.se\/?product=julia-hulsmann-quartet-under-the-surface","title":{"rendered":"Julia H\u00fclsmann Quartet &#8211; Under The Surface"},"content":{"rendered":"<p>Julia H\u00fclsmanns kvartett \u00e5teruppst\u00e5r med en attraktiv samling originall\u00e5tar d\u00e4r gruppen eftert\u00e4nksamt utforskar gemensam mark med en klar k\u00e4nsla f\u00f6r \u00e4ventyr. Som vid tidigare framtr\u00e4danden bidrar varje medlem med musik till sessionen, d\u00e4r ledaren sj\u00e4lv ansvarar f\u00f6r halva programmet.<\/p>\n<p>Saxofonisten Uli Kempendorffs introduktion till Julias trio p\u00e5 2019 \u00e5rs &#8221;Not Far From Here&#8221; gav redan en ny dimension till gruppens samspel \u2013 denna k\u00e4nsla f\u00f6rst\u00e4rks och utvidgas \u00e5terigen genom till\u00e4gget av den norska trumpetaren Hildegunn \u00d8iseth som ansluter kvartetten p\u00e5 trumpet och det unika kulturinstrumentet gethorn p\u00e5 fem l\u00e5tar. F\u00e4ngslande lyrik och lekfull rytmisk och melodisk interaktion samverkar genom hela albumet \u2013 en p\u00e4rla i Julia H\u00fclsmanns alltmer imponerande ECM-produktion.<\/p>\n<p>1 They Stumble, They Walk<br \/>\n2 May Song<br \/>\n3 Second Thoughts<br \/>\n4 Bubbles<br \/>\n5 Nevergreen<br \/>\n6 The Earth Below<br \/>\n7 Anti Fragile<br \/>\n8 Trick<br \/>\n9 Milkweed Monarch<br \/>\n10 Under The Surface<\/p>\n","protected":false},"excerpt":{"rendered":"<p>Julia H\u00fclsmanns kvartett \u00e5teruppst\u00e5r med en attraktiv samling originall\u00e5tar d\u00e4r gruppen eftert\u00e4nksamt utforskar gemensam mark med en klar k\u00e4nsla f\u00f6r \u00e4ventyr. Som vid tidigare framtr\u00e4danden bidrar varje medlem med musik till sessionen, d\u00e4r ledaren sj\u00e4lv ansvarar f\u00f6r halva programmet. Saxofonisten Uli Kempendorffs introduktion till Julias trio p\u00e5 2019 \u00e5rs &#8221;Not Far From Here&#8221; gav redan&#8230;<\/p>\n","protected":false},"featured_media":331,"template":"","meta":[],"product_brand":[26],"product_cat":[16],"product_tag":[18,19,183,23],"class_list":{"0":"post-330","1":"product","2":"type-product","3":"status-publish","4":"has-post-thumbnail","6":"product_brand-ecm","7":"product_cat-album","8":"product_tag-cd","9":"product_tag-jazz","10":"product_tag-julia-hulsmann-quartet","11":"product_tag-vinyl","13":"first","14":"instock","15":"shipping-taxable","16":"purchasable","17":"product-type-variable"},"_links":{"self":[{"href":"https:\/\/thomasaudio.se\/index.php?rest_route=\/wp\/v2\/product\/330","targetHints":{"allow":["GET"]}}],"collection":[{"href":"https:\/\/thomasaudio.se\/index.php?rest_route=\/wp\/v2\/product"}],"about":[{"href":"https:\/\/thomasaudio.se\/index.php?rest_route=\/wp\/v2\/types\/product"}],"wp:featuredmedia":[{"embeddable":true,"href":"https:\/\/thomasaudio.se\/index.php?rest_route=\/wp\/v2\/media\/331"}],"wp:attachment":[{"href":"https:\/\/thomasaudio.se\/index.php?rest_route=%2Fwp%2Fv2%2Fmedia&parent=330"}],"wp:term":[{"taxonomy":"product_brand","embeddable":true,"href":"https:\/\/thomasaudio.se\/index.php?rest_route=%2Fwp%2Fv2%2Fproduct_brand&post=330"},{"taxonomy":"product_cat","embeddable":true,"href":"https:\/\/thomasaudio.se\/index.php?rest_route=%2Fwp%2Fv2%2Fproduct_cat&post=330"},{"taxonomy":"product_tag","embeddable":true,"href":"https:\/\/thomasaudio.se\/index.php?rest_route=%2Fwp%2Fv2%2Fproduct_tag&post=330"}],"curies":[{"name":"wp","href":"https:\/\/api.w.org\/{rel}","templated":true}]}}