{"id":321,"date":"2026-02-19T14:01:14","date_gmt":"2026-02-19T14:01:14","guid":{"rendered":"https:\/\/thomasaudio.se\/?post_type=product&#038;p=321"},"modified":"2026-03-07T08:46:27","modified_gmt":"2026-03-07T08:46:27","slug":"ida-sand-young-at-heart","status":"publish","type":"product","link":"https:\/\/thomasaudio.se\/?product=ida-sand-young-at-heart","title":{"rendered":"Ida Sand &#8211; Young At Heart"},"content":{"rendered":"<p>Ida &#8211; s\u00e5ng &#038; piano<br \/>\nJesper Nordenstr\u00f6m &#8211; keyboard<br \/>\nOla Gustafsson &#8211; gitarrer<br \/>\nDan Berglund &#8211; kontrabas<br \/>\nChrister Jansson &#8211; trummor och percussion<\/p>\n<p>Efter att ha studerat vid G\u00f6teborgs universitets konservatorium och sedan l\u00e4rde sig grunderna p\u00e5 Stockholms jazzscen, l\u00e4t det s\u00e5 annorlunda \u00e4n man skulle f\u00f6rv\u00e4nta sig av en svensk s\u00e5ngr\u00f6st: inte en eterisk, &#8221;nordisk&#8221; pop-jazz, utan ren soul, fylld av hennes djupa klang. <\/p>\n<p>Storheter som Nina Simone, Etta James och Aretha Franklin, Sam Cooke, Donny Hathaway och Stevie Wonder var Idas tidiga influenser, och hon har upprepade g\u00e5nger omarrangerat l\u00e5tar fr\u00e5n dessa f\u00f6rebilder p\u00e5 sina ACT-album &#8221;till gnistrande p\u00e4rlor, med sin m\u00f6rka, kraftfyllda sammetsr\u00f6st,&#8221; som Financial Times s\u00e5 tr\u00e4ffande uttryckte det. Pressen och allm\u00e4nheten var \u00f6verens om att de i Ida Sand hade f\u00e5tt en ny &#8221;stor vit sj\u00e4lsr\u00f6st&#8221;. Den r\u00f6sten visar sig passa utm\u00e4rkt till Neil Youngs karakt\u00e4rsstarka l\u00e5tar.<\/p>\n<p>1 Cinnamon Girl<br \/>\n2 Hey Hey, My My<br \/>\n3 Don&#8217;t Let It Bring You Down<br \/>\n4 Harvest Moon<br \/>\n5 Woodstock<br \/>\n6 Birds<br \/>\n7 Only Love Can Break Your Heart<br \/>\n8 Ohio<br \/>\n9 Old Man<br \/>\n10 Helpless<br \/>\n11 War Of Man<br \/>\n12 One Of These Days<br \/>\n13 Sea Of Madness<\/p>\n","protected":false},"excerpt":{"rendered":"<p>Ida &#8211; s\u00e5ng &#038; piano Jesper Nordenstr\u00f6m &#8211; keyboard Ola Gustafsson &#8211; gitarrer Dan Berglund &#8211; kontrabas Christer Jansson &#8211; trummor och percussion Efter att ha studerat vid G\u00f6teborgs universitets konservatorium och sedan l\u00e4rde sig grunderna p\u00e5 Stockholms jazzscen, l\u00e4t det s\u00e5 annorlunda \u00e4n man skulle f\u00f6rv\u00e4nta sig av en svensk s\u00e5ngr\u00f6st: inte en eterisk,&#8230;<\/p>\n","protected":false},"featured_media":322,"template":"","meta":[],"product_brand":[17],"product_cat":[16],"product_tag":[18,187,30],"class_list":{"0":"post-321","1":"product","2":"type-product","3":"status-publish","4":"has-post-thumbnail","6":"product_brand-act","7":"product_cat-album","8":"product_tag-cd","9":"product_tag-ida-sand","10":"product_tag-jazz-pop","12":"first","13":"instock","14":"shipping-taxable","15":"purchasable","16":"product-type-simple"},"_links":{"self":[{"href":"https:\/\/thomasaudio.se\/index.php?rest_route=\/wp\/v2\/product\/321","targetHints":{"allow":["GET"]}}],"collection":[{"href":"https:\/\/thomasaudio.se\/index.php?rest_route=\/wp\/v2\/product"}],"about":[{"href":"https:\/\/thomasaudio.se\/index.php?rest_route=\/wp\/v2\/types\/product"}],"wp:featuredmedia":[{"embeddable":true,"href":"https:\/\/thomasaudio.se\/index.php?rest_route=\/wp\/v2\/media\/322"}],"wp:attachment":[{"href":"https:\/\/thomasaudio.se\/index.php?rest_route=%2Fwp%2Fv2%2Fmedia&parent=321"}],"wp:term":[{"taxonomy":"product_brand","embeddable":true,"href":"https:\/\/thomasaudio.se\/index.php?rest_route=%2Fwp%2Fv2%2Fproduct_brand&post=321"},{"taxonomy":"product_cat","embeddable":true,"href":"https:\/\/thomasaudio.se\/index.php?rest_route=%2Fwp%2Fv2%2Fproduct_cat&post=321"},{"taxonomy":"product_tag","embeddable":true,"href":"https:\/\/thomasaudio.se\/index.php?rest_route=%2Fwp%2Fv2%2Fproduct_tag&post=321"}],"curies":[{"name":"wp","href":"https:\/\/api.w.org\/{rel}","templated":true}]}}