{"id":264,"date":"2026-02-18T14:22:27","date_gmt":"2026-02-18T14:22:27","guid":{"rendered":"https:\/\/thomasaudio.se\/?post_type=product&#038;p=264"},"modified":"2026-03-07T08:51:05","modified_gmt":"2026-03-07T08:51:05","slug":"mackinley-black-beggars-fools-and-thieves","status":"publish","type":"product","link":"https:\/\/thomasaudio.se\/?product=mackinley-black-beggars-fools-and-thieves","title":{"rendered":"Mackinley Black &#8211; Beggars, Fools and Thieves"},"content":{"rendered":"<p>Beror den d\u00e4r vitaliteten p\u00e5 hennes portugisiska anor? M\u00e5ngfalden av saker hon har gjort och platser hon har bott p\u00e5 har verkligen p\u00e5verkat hennes biografi som musiker. Energiskt gitarrspel, ber\u00e4ttande texter, en sensualitet. Musiken lutar mot country och singer\/songwriter.<\/p>\n<p>1 High Noon<br \/>\n2 All I Need<br \/>\n3 Beggars, Fools and Thieves<br \/>\n4 Hold On<br \/>\n5 Mother<br \/>\n6 Love Like Mine<br \/>\n7 Bailinho Da Maria<br \/>\n8 Hunger<br \/>\n9 Free<br \/>\n10 Westwinds<br \/>\n11 This Train<\/p>\n","protected":false},"excerpt":{"rendered":"<p>Beror den d\u00e4r vitaliteten p\u00e5 hennes portugisiska anor? M\u00e5ngfalden av saker hon har gjort och platser hon har bott p\u00e5 har verkligen p\u00e5verkat hennes biografi som musiker. Energiskt gitarrspel, ber\u00e4ttande texter, en sensualitet. Musiken lutar mot country och singer\/songwriter. 1 High Noon 2 All I Need 3 Beggars, Fools and Thieves 4 Hold On 5&#8230;<\/p>\n","protected":false},"featured_media":265,"template":"","meta":[],"product_brand":[50],"product_cat":[16],"product_tag":[18,199,169],"class_list":{"0":"post-264","1":"product","2":"type-product","3":"status-publish","4":"has-post-thumbnail","6":"product_brand-stockfisch","7":"product_cat-album","8":"product_tag-cd","9":"product_tag-mackinley-black","10":"product_tag-pop-rock","12":"first","13":"instock","14":"shipping-taxable","15":"purchasable","16":"product-type-simple"},"_links":{"self":[{"href":"https:\/\/thomasaudio.se\/index.php?rest_route=\/wp\/v2\/product\/264","targetHints":{"allow":["GET"]}}],"collection":[{"href":"https:\/\/thomasaudio.se\/index.php?rest_route=\/wp\/v2\/product"}],"about":[{"href":"https:\/\/thomasaudio.se\/index.php?rest_route=\/wp\/v2\/types\/product"}],"wp:featuredmedia":[{"embeddable":true,"href":"https:\/\/thomasaudio.se\/index.php?rest_route=\/wp\/v2\/media\/265"}],"wp:attachment":[{"href":"https:\/\/thomasaudio.se\/index.php?rest_route=%2Fwp%2Fv2%2Fmedia&parent=264"}],"wp:term":[{"taxonomy":"product_brand","embeddable":true,"href":"https:\/\/thomasaudio.se\/index.php?rest_route=%2Fwp%2Fv2%2Fproduct_brand&post=264"},{"taxonomy":"product_cat","embeddable":true,"href":"https:\/\/thomasaudio.se\/index.php?rest_route=%2Fwp%2Fv2%2Fproduct_cat&post=264"},{"taxonomy":"product_tag","embeddable":true,"href":"https:\/\/thomasaudio.se\/index.php?rest_route=%2Fwp%2Fv2%2Fproduct_tag&post=264"}],"curies":[{"name":"wp","href":"https:\/\/api.w.org\/{rel}","templated":true}]}}