{"id":183,"date":"2026-02-17T17:12:49","date_gmt":"2026-02-17T17:12:49","guid":{"rendered":"https:\/\/thomasaudio.se\/?post_type=product&#038;p=183"},"modified":"2026-03-07T08:55:29","modified_gmt":"2026-03-07T08:55:29","slug":"jan-gunnar-hoff-home","status":"publish","type":"product","link":"https:\/\/thomasaudio.se\/?product=jan-gunnar-hoff-home","title":{"rendered":"Jan-Gunnar Hoff &#8211; Home"},"content":{"rendered":"<p>I maj 2021 kontaktade ljudteknikern p\u00e5 2L, Morten Lindberg mig och fr\u00e5gade om jag kunde g\u00f6ra en soloinspelning i Stormen Concert Hall i Bod\u00f8. Med \u00f6ppna sinnen och v\u00e4ldigt f\u00e5 f\u00f6rutfattade meningar gick vi vidare och i stora drag tog vi saken som de kom \u2013 som vi k\u00e4nde d\u00e5. Sj\u00e4lva pianoflygeln och konsertsalen styrde upp vad vi spelade in under tv\u00e5 dagar under augusti m\u00e5nad det \u00e5ret. <\/p>\n<p>Detta album syftar inte till en s\u00e4rskild genre, med alla de f\u00f6rv\u00e4ntningar ett s\u00e5dant \u00e5tagande kan medf\u00f6ra, snarare handlade det om att ge varje nummer sin egen form och stil. N\u00e4r du tolkar textbaserade l\u00e5tar instrumentellt \u00e4r det b\u00e4st att h\u00e5lla ett skarpt fokus p\u00e5 melodi, rytm och frasering. Genom att frig\u00f6ra melodins frasering fr\u00e5n begr\u00e4nsningarna av ett fast tempo kan jag l\u00e4gga mer kraft och intensitet i min tolkning och bredda och st\u00e4rka det melodiska materialet.<\/p>\n<p>\/\/ Jan Gunnar Hoff<\/p>\n<p>1 What Miight Have Been<br \/>\n2 Hike<br \/>\n3 Magma<br \/>\n4 Barndomsminne Fra Nordland<br \/>\n5 Kanskje <\/p>\n<p>1 Summertime<br \/>\n2 Moon River<br \/>\n3 Bruremarsj Fra Beiarn<br \/>\n4 Free Flow<br \/>\n5 Meditatutus<\/p>\n","protected":false},"excerpt":{"rendered":"<p>I maj 2021 kontaktade ljudteknikern p\u00e5 2L, Morten Lindberg mig och fr\u00e5gade om jag kunde g\u00f6ra en soloinspelning i Stormen Concert Hall i Bod\u00f8. Med \u00f6ppna sinnen och v\u00e4ldigt f\u00e5 f\u00f6rutfattade meningar gick vi vidare och i stora drag tog vi saken som de kom \u2013 som vi k\u00e4nde d\u00e5. Sj\u00e4lva pianoflygeln och konsertsalen styrde&#8230;<\/p>\n","protected":false},"featured_media":184,"template":"","meta":[],"product_brand":[41],"product_cat":[16],"product_tag":[44,18,181,43,23],"class_list":{"0":"post-183","1":"product","2":"type-product","3":"status-publish","4":"has-post-thumbnail","6":"product_brand-2l","7":"product_cat-album","8":"product_tag-bluray-audio","9":"product_tag-cd","10":"product_tag-jan-gunnar-hoff","11":"product_tag-solopiano","12":"product_tag-vinyl","14":"first","15":"instock","16":"sale","17":"shipping-taxable","18":"purchasable","19":"product-type-variable"},"_links":{"self":[{"href":"https:\/\/thomasaudio.se\/index.php?rest_route=\/wp\/v2\/product\/183","targetHints":{"allow":["GET"]}}],"collection":[{"href":"https:\/\/thomasaudio.se\/index.php?rest_route=\/wp\/v2\/product"}],"about":[{"href":"https:\/\/thomasaudio.se\/index.php?rest_route=\/wp\/v2\/types\/product"}],"wp:featuredmedia":[{"embeddable":true,"href":"https:\/\/thomasaudio.se\/index.php?rest_route=\/wp\/v2\/media\/184"}],"wp:attachment":[{"href":"https:\/\/thomasaudio.se\/index.php?rest_route=%2Fwp%2Fv2%2Fmedia&parent=183"}],"wp:term":[{"taxonomy":"product_brand","embeddable":true,"href":"https:\/\/thomasaudio.se\/index.php?rest_route=%2Fwp%2Fv2%2Fproduct_brand&post=183"},{"taxonomy":"product_cat","embeddable":true,"href":"https:\/\/thomasaudio.se\/index.php?rest_route=%2Fwp%2Fv2%2Fproduct_cat&post=183"},{"taxonomy":"product_tag","embeddable":true,"href":"https:\/\/thomasaudio.se\/index.php?rest_route=%2Fwp%2Fv2%2Fproduct_tag&post=183"}],"curies":[{"name":"wp","href":"https:\/\/api.w.org\/{rel}","templated":true}]}}