{"id":178,"date":"2026-02-17T16:40:44","date_gmt":"2026-02-17T16:40:44","guid":{"rendered":"https:\/\/thomasaudio.se\/?post_type=product&#038;p=178"},"modified":"2026-03-07T08:56:10","modified_gmt":"2026-03-07T08:56:10","slug":"nils-landgren-funk-unit-raw","status":"publish","type":"product","link":"https:\/\/thomasaudio.se\/?product=nils-landgren-funk-unit-raw","title":{"rendered":"Nils Landgren Funk Unit &#8211; RAW"},"content":{"rendered":"<p>&#8221;\u00c5r 1994 bildas Funk Unit. N\u00e4r jag fick erbjudandet fr\u00e5n Siggi Loch att g\u00e5 med i hans nya skivbolag ACT, var det f\u00f6rsta han gjorde att byta ut det ursprungliga bandnamnet Unit till Funk Unit. N\u00e4r jag fr\u00e5gade varf\u00f6r svarade han: &#8221;f\u00f6r att du spelar funk&#8221; \u2013 och det hade han r\u00e4tt i. Resten \u00e4r historia. Efter 30 \u00e5r av studioalbum, turnerande och allt som h\u00f6rde till det, t\u00e4nkte jag att det skulle vara fantastiskt att \u00e5ka n\u00e5gonstans speciellt f\u00f6r v\u00e5r 30-\u00e5rsjubileumsinspelning. <\/p>\n<p>Vi hittade en fantastisk inspelningsstudio i Palma p\u00e5 \u00f6n Mallorca och s\u00e5g detta som en fantastisk m\u00f6jlighet f\u00f6r oss alla, efter alla dessa \u00e5r tillsammans, att spela in albumet i en avslappnad milj\u00f6 och kunna koncentrera oss fullt ut p\u00e5 v\u00e5r uppgift? Att g\u00f6ra ett album som firar v\u00e5r 30-\u00e5riga historia som ett funkband fr\u00e5n Sverige.<\/p>\n<p>Resultatet \u00e4r albumet &#8221;Raw&#8221;. V\u00e5rt \u00e4rliga och enkla s\u00e4tt att skapa handgjord musik och g\u00f6ra den njutbar f\u00f6r b\u00e5de kropp och sj\u00e4l. Vi \u00e4r inte bara ett band. Vi \u00e4r Nils Landgren Funk-unit.&#8221;<\/p>\n<p>Nils Landgren &#8211; trombon, s\u00e5ng<br \/>\nMagnum Coltrane Price &#8211; elbas, s\u00e5ng<br \/>\nAndy Pfeiler &#8211; gitarr, s\u00e5ng<br \/>\nJonas Wall &#8211; tenorsaxofon, st\u00e4ms\u00e5ng<br \/>\nPetter Bergander &#8211; keyboards, st\u00e4ms\u00e5ng<br \/>\nRobert Ikiz &#8211; trummor, st\u00e4ms\u00e5ng<\/p>\n","protected":false},"excerpt":{"rendered":"<p>Rosa vinyl<\/p>\n","protected":false},"featured_media":206,"template":"","meta":[],"product_brand":[17],"product_cat":[16],"product_tag":[18,40,214,209,23],"class_list":{"0":"post-178","1":"product","2":"type-product","3":"status-publish","4":"has-post-thumbnail","6":"product_brand-act","7":"product_cat-album","8":"product_tag-cd","9":"product_tag-funk","10":"product_tag-funk-unit","11":"product_tag-nils-landgren","12":"product_tag-vinyl","14":"first","15":"instock","16":"shipping-taxable","17":"purchasable","18":"product-type-variable"},"_links":{"self":[{"href":"https:\/\/thomasaudio.se\/index.php?rest_route=\/wp\/v2\/product\/178","targetHints":{"allow":["GET"]}}],"collection":[{"href":"https:\/\/thomasaudio.se\/index.php?rest_route=\/wp\/v2\/product"}],"about":[{"href":"https:\/\/thomasaudio.se\/index.php?rest_route=\/wp\/v2\/types\/product"}],"wp:featuredmedia":[{"embeddable":true,"href":"https:\/\/thomasaudio.se\/index.php?rest_route=\/wp\/v2\/media\/206"}],"wp:attachment":[{"href":"https:\/\/thomasaudio.se\/index.php?rest_route=%2Fwp%2Fv2%2Fmedia&parent=178"}],"wp:term":[{"taxonomy":"product_brand","embeddable":true,"href":"https:\/\/thomasaudio.se\/index.php?rest_route=%2Fwp%2Fv2%2Fproduct_brand&post=178"},{"taxonomy":"product_cat","embeddable":true,"href":"https:\/\/thomasaudio.se\/index.php?rest_route=%2Fwp%2Fv2%2Fproduct_cat&post=178"},{"taxonomy":"product_tag","embeddable":true,"href":"https:\/\/thomasaudio.se\/index.php?rest_route=%2Fwp%2Fv2%2Fproduct_tag&post=178"}],"curies":[{"name":"wp","href":"https:\/\/api.w.org\/{rel}","templated":true}]}}