{"id":159,"date":"2026-02-17T11:30:04","date_gmt":"2026-02-17T11:30:04","guid":{"rendered":"https:\/\/thomasaudio.se\/?post_type=product&#038;p=159"},"modified":"2026-03-07T08:58:07","modified_gmt":"2026-03-07T08:58:07","slug":"chloe-chua-butterfly-lovers","status":"publish","type":"product","link":"https:\/\/thomasaudio.se\/?product=chloe-chua-butterfly-lovers","title":{"rendered":"Chloe Chua &#8211; Butterfly Lovers"},"content":{"rendered":"<p>Den unga stj\u00e4rnviolinisten Chloe Chua presenterar sin hyllade inspelning d\u00e4r Chen Gang och He Zhanhaos Butterfly Lovers Violin Concerto kombineras med Niccol\u00f2 Paganinis f\u00f6rsta violinkonsert, framf\u00f6rd tillsammans med Singapore Symphony Orchestra.<\/p>\n<p>Violinkonserten Butterfly Lovers skrevs 1959 och inspirerades av en ber\u00e4ttelse som ofta kallas Romeo och Julia fr\u00e5n det antika Kina och verket har blivit ett av de mest ber\u00f6mda och hyllade verken inom kinesisk klassisk musik. Detta album inneh\u00e5ller ocks\u00e5 en tolkning av Chen Gangs Sunshine over Tashkurgan. Albumet avslutas med Paganinis f\u00f6rsta violinkonsert, musikaliskt inspirerad av Rossinsk bel canto. De tre verken delar en rikedom av melodisk uppfinningsrikedom och orkesterf\u00e4rger, liksom det s\u00e4tter hisnande virtuosa krav p\u00e5 solisten. <\/p>\n<p>Solopartierna ligger i utm\u00e4rkta h\u00e4nder hos Chloe Chua som beundrar Butterfly Lovers orubbliga k\u00e4rlek och uth\u00e5llighet och k\u00e4nner sig helt hemma i dessa suggestiva och sp\u00e4nnande m\u00e4sterverk.<\/p>\n","protected":false},"excerpt":{"rendered":"<p>Dubbelalbum<\/p>\n","protected":false},"featured_media":160,"template":"","meta":[],"product_brand":[38],"product_cat":[16],"product_tag":[220,36,23],"class_list":{"0":"post-159","1":"product","2":"type-product","3":"status-publish","4":"has-post-thumbnail","6":"product_brand-pentatone","7":"product_cat-album","8":"product_tag-chloe-chua","9":"product_tag-klassiskt","10":"product_tag-vinyl","12":"first","13":"instock","14":"shipping-taxable","15":"purchasable","16":"product-type-simple"},"_links":{"self":[{"href":"https:\/\/thomasaudio.se\/index.php?rest_route=\/wp\/v2\/product\/159","targetHints":{"allow":["GET"]}}],"collection":[{"href":"https:\/\/thomasaudio.se\/index.php?rest_route=\/wp\/v2\/product"}],"about":[{"href":"https:\/\/thomasaudio.se\/index.php?rest_route=\/wp\/v2\/types\/product"}],"wp:featuredmedia":[{"embeddable":true,"href":"https:\/\/thomasaudio.se\/index.php?rest_route=\/wp\/v2\/media\/160"}],"wp:attachment":[{"href":"https:\/\/thomasaudio.se\/index.php?rest_route=%2Fwp%2Fv2%2Fmedia&parent=159"}],"wp:term":[{"taxonomy":"product_brand","embeddable":true,"href":"https:\/\/thomasaudio.se\/index.php?rest_route=%2Fwp%2Fv2%2Fproduct_brand&post=159"},{"taxonomy":"product_cat","embeddable":true,"href":"https:\/\/thomasaudio.se\/index.php?rest_route=%2Fwp%2Fv2%2Fproduct_cat&post=159"},{"taxonomy":"product_tag","embeddable":true,"href":"https:\/\/thomasaudio.se\/index.php?rest_route=%2Fwp%2Fv2%2Fproduct_tag&post=159"}],"curies":[{"name":"wp","href":"https:\/\/api.w.org\/{rel}","templated":true}]}}