{"id":1558,"date":"2026-04-26T07:59:20","date_gmt":"2026-04-26T07:59:20","guid":{"rendered":"https:\/\/thomasaudio.se\/?post_type=product&#038;p=1558"},"modified":"2026-04-26T08:08:41","modified_gmt":"2026-04-26T08:08:41","slug":"knut-reiersrud-og-iver-kleive-vidunderligst-av-alt-pa-jord","status":"publish","type":"product","link":"https:\/\/thomasaudio.se\/?product=knut-reiersrud-og-iver-kleive-vidunderligst-av-alt-pa-jord","title":{"rendered":"Knut Reiersrud og Iver Kleive &#8211; Vidunderligst av alt p\u00e5 jord"},"content":{"rendered":"<p>Det har l\u00e4nge varit en dr\u00f6m f\u00f6r Iver Kleive och Knut Reiersrud att spela in sin musik i den v\u00e4ldiga Nidaroskatedralen. Under fyra vintern\u00e4tter 2025 slog de l\u00e4ger inne i v\u00e4stra l\u00e5nghuset under det vackra rosettf\u00f6nstret och tog in atmosf\u00e4ren mellan v\u00e4ggarna d\u00e4r pilgrimer har gjort pilgrimsf\u00e4rder i \u00e5rhundraden.<br \/>\n&#8221;Alla v\u00e5ra tidigare skivor spelades in i danska kyrkor. F\u00e5 kyrkor i Norge har samma format som de stora danska katedralerna, b\u00e5de vad g\u00e4ller orgel och akustik. Men Nidaros domkyrka betyder mycket f\u00f6r oss&#8221; f\u00f6rklarar radarparet Kleive och Reiersrud.<\/p>\n<p>De f\u00f6rnyade psalmer och norska folkmelodier f\u00f6r mer \u00e4n 30 \u00e5r sedan och nu har de \u00e5ter igen funnit nya magiska, musikaliska \u00f6gonblick i den m\u00e4ktiga kyrkosalen.<\/p>\n<p>Kleive och Reiersrud inledde sitt samarbete med det legendariska albumsl\u00e4ppet &#8221;Bl\u00e5 Koral&#8221; 1991. Det f\u00f6ljdes av en serie utg\u00e5vor d\u00e4r de tv\u00e5 utforskat samspelet mellan kyrkorgel och gitarr. De har mestadels behandlat psalmrepertoaren, ofta en skattkammare av folkmelodier, men ocks\u00e5 skapat nytt material.<\/p>\n","protected":false},"excerpt":{"rendered":"<p>CD<br \/>\nVinyl<\/p>\n","protected":false},"featured_media":1559,"template":"","meta":[],"product_brand":[316],"product_cat":[16],"product_tag":[18,39,20,23],"class_list":{"0":"post-1558","1":"product","2":"type-product","3":"status-publish","4":"has-post-thumbnail","6":"product_brand-kkv","7":"product_cat-album","8":"product_tag-cd","9":"product_tag-nutida-instrumentellt","10":"product_tag-upplevelsemusik","11":"product_tag-vinyl","13":"first","14":"instock","15":"shipping-taxable","16":"purchasable","17":"product-type-variable"},"_links":{"self":[{"href":"https:\/\/thomasaudio.se\/index.php?rest_route=\/wp\/v2\/product\/1558","targetHints":{"allow":["GET"]}}],"collection":[{"href":"https:\/\/thomasaudio.se\/index.php?rest_route=\/wp\/v2\/product"}],"about":[{"href":"https:\/\/thomasaudio.se\/index.php?rest_route=\/wp\/v2\/types\/product"}],"wp:featuredmedia":[{"embeddable":true,"href":"https:\/\/thomasaudio.se\/index.php?rest_route=\/wp\/v2\/media\/1559"}],"wp:attachment":[{"href":"https:\/\/thomasaudio.se\/index.php?rest_route=%2Fwp%2Fv2%2Fmedia&parent=1558"}],"wp:term":[{"taxonomy":"product_brand","embeddable":true,"href":"https:\/\/thomasaudio.se\/index.php?rest_route=%2Fwp%2Fv2%2Fproduct_brand&post=1558"},{"taxonomy":"product_cat","embeddable":true,"href":"https:\/\/thomasaudio.se\/index.php?rest_route=%2Fwp%2Fv2%2Fproduct_cat&post=1558"},{"taxonomy":"product_tag","embeddable":true,"href":"https:\/\/thomasaudio.se\/index.php?rest_route=%2Fwp%2Fv2%2Fproduct_tag&post=1558"}],"curies":[{"name":"wp","href":"https:\/\/api.w.org\/{rel}","templated":true}]}}