{"id":1548,"date":"2026-04-26T05:38:36","date_gmt":"2026-04-26T05:38:36","guid":{"rendered":"https:\/\/thomasaudio.se\/?post_type=product&#038;p=1548"},"modified":"2026-04-26T05:38:36","modified_gmt":"2026-04-26T05:38:36","slug":"maria-skanselid-vill","status":"publish","type":"product","link":"https:\/\/thomasaudio.se\/butik\/album\/maria-skanselid-vill\/","title":{"rendered":"Maria Skanselid &#8211; VILL"},"content":{"rendered":"<p>Hennes intelligenta, snillrika visor f\u00e5r \u00e4ntligen plats p\u00e5 skiva. Maria med sitt debutalbum landar gr\u00e4nsl\u00f6st mellan visa och jazz.<\/p>\n<p>1 F\u00f6rl\u00e5t mig<br \/>\n2 Vill<br \/>\n3 Ett vykort<br \/>\n4 \u00c5tervinner k\u00e4rleken<br \/>\n5 Jag har skakat hand med dig<br \/>\n6 I teorin<br \/>\n7 Sm\u00e5 saker<br \/>\n8 Koko<br \/>\n9 Ta den goa stunden f\u00f6rst<\/p>\n","protected":false},"excerpt":{"rendered":"<p>\u00c4ntligen finns hon p\u00e5 skiva!<\/p>\n","protected":false},"featured_media":1549,"template":"","meta":[],"product_brand":[315],"product_cat":[16],"product_tag":[18,19],"class_list":{"0":"post-1548","1":"product","2":"type-product","3":"status-publish","4":"has-post-thumbnail","6":"product_brand-kakafon-records","7":"product_cat-album","8":"product_tag-cd","9":"product_tag-jazz","11":"first","12":"instock","13":"shipping-taxable","14":"purchasable","15":"product-type-simple"},"_links":{"self":[{"href":"https:\/\/thomasaudio.se\/wp-json\/wp\/v2\/product\/1548","targetHints":{"allow":["GET"]}}],"collection":[{"href":"https:\/\/thomasaudio.se\/wp-json\/wp\/v2\/product"}],"about":[{"href":"https:\/\/thomasaudio.se\/wp-json\/wp\/v2\/types\/product"}],"wp:featuredmedia":[{"embeddable":true,"href":"https:\/\/thomasaudio.se\/wp-json\/wp\/v2\/media\/1549"}],"wp:attachment":[{"href":"https:\/\/thomasaudio.se\/wp-json\/wp\/v2\/media?parent=1548"}],"wp:term":[{"taxonomy":"product_brand","embeddable":true,"href":"https:\/\/thomasaudio.se\/wp-json\/wp\/v2\/product_brand?post=1548"},{"taxonomy":"product_cat","embeddable":true,"href":"https:\/\/thomasaudio.se\/wp-json\/wp\/v2\/product_cat?post=1548"},{"taxonomy":"product_tag","embeddable":true,"href":"https:\/\/thomasaudio.se\/wp-json\/wp\/v2\/product_tag?post=1548"}],"curies":[{"name":"wp","href":"https:\/\/api.w.org\/{rel}","templated":true}]}}