{"id":1527,"date":"2026-04-25T15:18:07","date_gmt":"2026-04-25T15:18:07","guid":{"rendered":"https:\/\/thomasaudio.se\/?post_type=product&#038;p=1527"},"modified":"2026-04-25T16:39:31","modified_gmt":"2026-04-25T16:39:31","slug":"1527","status":"publish","type":"product","link":"https:\/\/thomasaudio.se\/?product=1527","title":{"rendered":"Semperoper Dresden  &#8211; Tristan and Isolde"},"content":{"rendered":"<p>Semperoper Dresden presenterar en historisk tolkning av Tristan och Isolde, regisserad av Marco Arturo Marelli och dirigerad av v\u00e4rldsledande dirigenten Christian Thielemann. Klangen han f\u00e5r fr\u00e5n Wagners partitur &#8221;fyller rummet med melankolisk l\u00e4ngtan och drar lyssnarna in i de ber\u00f6mda \u00e4lskarnas k\u00e4nslom\u00e4ssiga djup&#8221;<br \/>\n\/ Opera Online.<\/p>\n<p>&#8221;Klaus Florian Vogt, i sin debut som Tristan, \u00e4r &#8221;fullt n\u00e4rvarande och \u00f6vertygande med naturlig frasering och klar diktion&#8221;<br \/>\n\/ Opernmagazin.<\/p>\n<p>&#8221;Camilla Nylund som Isolde &#8221;\u00f6vertygad med sin fortfarande otroligt lyriska, l\u00e4tta sopran&#8221;<br \/>\n\/ S\u00e4chsische Zeitung.<\/p>\n<p>P\u00e5 toppen av sin karri\u00e4r lyckas Christian Thielemann s\u00e4tta en ny standard med sin genomtr\u00e4ngning av detta sv\u00e5ra partitur och leder Staatskapelle Dresden till nya h\u00f6jder av konstn\u00e4rligt uttryck. &#8221;Det vore mycket underbart om denna Tristan aldrig tog slut&#8221;<br \/>\n\/ Opernmagazin.<\/p>\n<p>&#8221;Briljanta framtr\u00e4danden som f\u00e5r dig p\u00e5 kn\u00e4&#8221;<br \/>\n\/ S\u00e4chsische Zeitung.<\/p>\n","protected":false},"excerpt":{"rendered":"<p>2 DVD<\/p>\n","protected":false},"featured_media":1528,"template":"","meta":[],"product_brand":[313],"product_cat":[16],"product_tag":[292,36,297],"class_list":{"0":"post-1527","1":"product","2":"type-product","3":"status-publish","4":"has-post-thumbnail","6":"product_brand-c-major","7":"product_cat-album","8":"product_tag-dvd","9":"product_tag-klassiskt","10":"product_tag-opera","12":"first","13":"instock","14":"shipping-taxable","15":"purchasable","16":"product-type-simple"},"_links":{"self":[{"href":"https:\/\/thomasaudio.se\/index.php?rest_route=\/wp\/v2\/product\/1527","targetHints":{"allow":["GET"]}}],"collection":[{"href":"https:\/\/thomasaudio.se\/index.php?rest_route=\/wp\/v2\/product"}],"about":[{"href":"https:\/\/thomasaudio.se\/index.php?rest_route=\/wp\/v2\/types\/product"}],"wp:featuredmedia":[{"embeddable":true,"href":"https:\/\/thomasaudio.se\/index.php?rest_route=\/wp\/v2\/media\/1528"}],"wp:attachment":[{"href":"https:\/\/thomasaudio.se\/index.php?rest_route=%2Fwp%2Fv2%2Fmedia&parent=1527"}],"wp:term":[{"taxonomy":"product_brand","embeddable":true,"href":"https:\/\/thomasaudio.se\/index.php?rest_route=%2Fwp%2Fv2%2Fproduct_brand&post=1527"},{"taxonomy":"product_cat","embeddable":true,"href":"https:\/\/thomasaudio.se\/index.php?rest_route=%2Fwp%2Fv2%2Fproduct_cat&post=1527"},{"taxonomy":"product_tag","embeddable":true,"href":"https:\/\/thomasaudio.se\/index.php?rest_route=%2Fwp%2Fv2%2Fproduct_tag&post=1527"}],"curies":[{"name":"wp","href":"https:\/\/api.w.org\/{rel}","templated":true}]}}