{"id":1439,"date":"2026-04-21T20:21:38","date_gmt":"2026-04-21T20:21:38","guid":{"rendered":"https:\/\/thomasaudio.se\/?post_type=product&#038;p=1439"},"modified":"2026-04-22T08:17:26","modified_gmt":"2026-04-22T08:17:26","slug":"rauna-oden","status":"publish","type":"product","link":"https:\/\/thomasaudio.se\/?product=rauna-oden","title":{"rendered":"Rauna Oden"},"content":{"rendered":"<p>Ljud\u00e5tergivning: \u00d6ppen, luftig, fri fr\u00e5n f\u00e4rgning. Djupbasen \u00e4r v\u00e4lnyanserad och dynamisk utan att att den blir \u00f6verdriven.<br \/>\nAllt finns d\u00e4r! Timbre, detaljrikedom, rumsinformation. Utan att &#8221;g\u00f6ra sig till&#8221; Musik, filmeffekter, spelmilj\u00f6er, talande r\u00f6ster presenteras p\u00e5 High End niv\u00e5. Ibland under musiken faller blicken p\u00e5 dom med en fascinerande k\u00e4nsla av att dom bara st\u00e5r d\u00e4r i rummet utan att vara inkopplade&#8230;<\/p>\n<hr \/>\n<p>Diskant\/mellanregister: \u00a06,5 tums coaxialelement d\u00e4r b\u00e5da talspolarna sitter placerade bakom varandra. Konerna har en hinna av magnesium.<br \/>\nMagneter av Neodymium.<br \/>\nBas: 8 tum med talspole av Titan som ger blixtsnabb respons.<br \/>\nDjupbas via basreflex i botten.<br \/>\nDelningsfilter: Danska Jantzen&#8217;s finaste komponenter i en hardwire-konfiguration.<br \/>\nTerminal: Polskruvar i silver fr\u00e5n Tyska WBT.<br \/>\nSockel: Finsk (extra h\u00e5rd furu) betsad plywood med justerbara tr\u00e4koner.<br \/>\nKabinett: En betongblandning som \u00e4r mindre vibrationsk\u00e4nslig \u00e4n ursprungsmodellerna.<br \/>\nEn noggrant utprovad d\u00e4mpning minimerar betongringning.<\/p>\n<p>30-22000 Hz<br \/>\n8 Ohm<br \/>\n88 dB<br \/>\nDelning 370 Hz och 2000 Hz,<br \/>\nEffektt\u00e5lighet 350 Watt<br \/>\n925 x 353 x 395 mm<br \/>\n52 kg<br \/>\nLevereras i stabila, skyddande tr\u00e4l\u00e5dor.<\/p>\n","protected":false},"excerpt":{"rendered":"<p>Bokning av bes\u00f6k f\u00f6r demo i \u00d6rebro: 0763 09490o.<\/p>\n","protected":false},"featured_media":1440,"template":"","meta":[],"product_brand":[306],"product_cat":[56],"product_tag":[309,308],"class_list":{"0":"post-1439","1":"product","2":"type-product","3":"status-publish","4":"has-post-thumbnail","6":"product_brand-rauna","7":"product_cat-hifi","8":"product_tag-golvmodell","9":"product_tag-hogtalare","11":"first","12":"instock","13":"shipping-taxable","14":"purchasable","15":"product-type-variable"},"_links":{"self":[{"href":"https:\/\/thomasaudio.se\/index.php?rest_route=\/wp\/v2\/product\/1439","targetHints":{"allow":["GET"]}}],"collection":[{"href":"https:\/\/thomasaudio.se\/index.php?rest_route=\/wp\/v2\/product"}],"about":[{"href":"https:\/\/thomasaudio.se\/index.php?rest_route=\/wp\/v2\/types\/product"}],"wp:featuredmedia":[{"embeddable":true,"href":"https:\/\/thomasaudio.se\/index.php?rest_route=\/wp\/v2\/media\/1440"}],"wp:attachment":[{"href":"https:\/\/thomasaudio.se\/index.php?rest_route=%2Fwp%2Fv2%2Fmedia&parent=1439"}],"wp:term":[{"taxonomy":"product_brand","embeddable":true,"href":"https:\/\/thomasaudio.se\/index.php?rest_route=%2Fwp%2Fv2%2Fproduct_brand&post=1439"},{"taxonomy":"product_cat","embeddable":true,"href":"https:\/\/thomasaudio.se\/index.php?rest_route=%2Fwp%2Fv2%2Fproduct_cat&post=1439"},{"taxonomy":"product_tag","embeddable":true,"href":"https:\/\/thomasaudio.se\/index.php?rest_route=%2Fwp%2Fv2%2Fproduct_tag&post=1439"}],"curies":[{"name":"wp","href":"https:\/\/api.w.org\/{rel}","templated":true}]}}