{"id":1400,"date":"2026-04-19T13:19:02","date_gmt":"2026-04-19T13:19:02","guid":{"rendered":"https:\/\/thomasaudio.se\/?post_type=product&#038;p=1400"},"modified":"2026-04-19T13:19:02","modified_gmt":"2026-04-19T13:19:02","slug":"detroit-symphony-orchestra-carl-orff-carmina-burana","status":"publish","type":"product","link":"https:\/\/thomasaudio.se\/butik\/album\/detroit-symphony-orchestra-carl-orff-carmina-burana\/","title":{"rendered":"Detroit Symphony Orchestra &#8211; Carl Orff: Carmina Burana"},"content":{"rendered":"<p>Dirigent &#8211; Jader Bignamini<\/p>\n<p>Detroit Symphony Orchestra och dess musikdirekt\u00f6r Jader Bignamini presenterar Carl Orffs Carmina Burana, ett av 1900-talets mest elektrifierande verk. <\/p>\n<p>Med inspiration fr\u00e5n 1200-talets texter som hittades i Benediktbeuernklostret f\u00f6rvandlade Orff de livfulla, respektl\u00f6sa texterna fr\u00e5n kringvandrande l\u00e4rda och upproriska pr\u00e4ster till en monumental scenisk kantat. Fr\u00e5n den ikoniska \u00f6ppningen av &#8221;O Fortuna&#8221; till de livliga utomhusdanserna, tavernscenerna och hovk\u00e4rleksintermezzoerna pulserar verket med element\u00e4ra rytmer och sl\u00e5ende orkestrering, med k\u00f6r, slagverk, tv\u00e5 pianoflyglar och celesta i centrala partier. Motiv fr\u00e5n &#8221;O Fortuna&#8221; \u00e5terkommer genom hela verket och f\u00f6renar de kontrasterande v\u00e4rldarna av humor, erotisk l\u00e4ngtan och \u00f6dets obevekliga hjul.<\/p>\n<p>Orff balanserar diatonisk enkelhet med rytmisk ostinati (\u00e5terkommande upprepning), medan satser som fl\u00f6jt\u2013pukduett, kastanjett solo och piano\u2013slagverkspartier skapar primitiv energi som v\u00e4xlar mellan gl\u00e4dje, melankoli och satir, och kulminerar i den slutliga \u00e5terkomsten av &#8221;O Fortuna&#8221; som avslutar cykeln.<\/p>\n","protected":false},"excerpt":{"rendered":"<p>Dirigent &#8211; Jader Bignamini Detroit Symphony Orchestra och dess musikdirekt\u00f6r Jader Bignamini presenterar Carl Orffs Carmina Burana, ett av 1900-talets mest elektrifierande verk. Med inspiration fr\u00e5n 1200-talets texter som hittades i Benediktbeuernklostret f\u00f6rvandlade Orff de livfulla, respektl\u00f6sa texterna fr\u00e5n kringvandrande l\u00e4rda och upproriska pr\u00e4ster till en monumental scenisk kantat. Fr\u00e5n den ikoniska \u00f6ppningen av &#8221;O&#8230;<\/p>\n","protected":false},"featured_media":1401,"template":"","meta":[],"product_brand":[38],"product_cat":[16],"product_tag":[18,36],"class_list":{"0":"post-1400","1":"product","2":"type-product","3":"status-publish","4":"has-post-thumbnail","6":"product_brand-pentatone","7":"product_cat-album","8":"product_tag-cd","9":"product_tag-klassiskt","11":"first","12":"instock","13":"shipping-taxable","14":"purchasable","15":"product-type-simple"},"_links":{"self":[{"href":"https:\/\/thomasaudio.se\/wp-json\/wp\/v2\/product\/1400","targetHints":{"allow":["GET"]}}],"collection":[{"href":"https:\/\/thomasaudio.se\/wp-json\/wp\/v2\/product"}],"about":[{"href":"https:\/\/thomasaudio.se\/wp-json\/wp\/v2\/types\/product"}],"wp:featuredmedia":[{"embeddable":true,"href":"https:\/\/thomasaudio.se\/wp-json\/wp\/v2\/media\/1401"}],"wp:attachment":[{"href":"https:\/\/thomasaudio.se\/wp-json\/wp\/v2\/media?parent=1400"}],"wp:term":[{"taxonomy":"product_brand","embeddable":true,"href":"https:\/\/thomasaudio.se\/wp-json\/wp\/v2\/product_brand?post=1400"},{"taxonomy":"product_cat","embeddable":true,"href":"https:\/\/thomasaudio.se\/wp-json\/wp\/v2\/product_cat?post=1400"},{"taxonomy":"product_tag","embeddable":true,"href":"https:\/\/thomasaudio.se\/wp-json\/wp\/v2\/product_tag?post=1400"}],"curies":[{"name":"wp","href":"https:\/\/api.w.org\/{rel}","templated":true}]}}