{"id":1389,"date":"2026-04-18T15:00:46","date_gmt":"2026-04-18T15:00:46","guid":{"rendered":"https:\/\/thomasaudio.se\/?post_type=product&#038;p=1389"},"modified":"2026-04-21T05:25:01","modified_gmt":"2026-04-21T05:25:01","slug":"anne-sophie-mutter-viviace","status":"publish","type":"product","link":"https:\/\/thomasaudio.se\/?product=anne-sophie-mutter-viviace","title":{"rendered":"Anne-Sophie Mutter &#8211; VIVIACE"},"content":{"rendered":"<p>Anne-Sophie Mutter talar \u00f6ppet om sitt privatliv och kraven i sin internationella karri\u00e4r. Detta enast\u00e5ende portr\u00e4tt av en socialt aktiv konstn\u00e4r kompletteras av arkivmaterial fr\u00e5n hennes lysande karri\u00e4r. Hon \u00e4r en av v\u00e5r tids st\u00f6rsta musiker och har under de senaste femtio \u00e5ren upptr\u00e4tt p\u00e5 v\u00e4rldens ledande konsertscener.<\/p>\n<p>F\u00f6rutom att ha uruppf\u00f6rt 31 nya verk fr\u00e5n ledande komposit\u00f6rer \u00e4r hon en inspirerande mentor, har fr\u00e4mjat toppmusiker och lett m\u00e5nga v\u00e4lg\u00f6renhetsprojekt. I denna dokument\u00e4r m\u00f6ter hon personer hon beundrar, s\u00e5som tennisstj\u00e4rnan Roger Federer, liksom Daniel Barenboim, den legendariske filmkomposit\u00f6ren John Williams och andra.<\/p>\n","protected":false},"excerpt":{"rendered":"<p>Dokument\u00e4r<\/p>\n","protected":false},"featured_media":1432,"template":"","meta":[],"product_brand":[301],"product_cat":[16],"product_tag":[302,303,292],"class_list":{"0":"post-1389","1":"product","2":"type-product","3":"status-publish","4":"has-post-thumbnail","6":"product_brand-swr-classic","7":"product_cat-album","8":"product_tag-blu-ray-movie","9":"product_tag-dokumentar","10":"product_tag-dvd","12":"first","13":"instock","14":"shipping-taxable","15":"purchasable","16":"product-type-simple"},"_links":{"self":[{"href":"https:\/\/thomasaudio.se\/index.php?rest_route=\/wp\/v2\/product\/1389","targetHints":{"allow":["GET"]}}],"collection":[{"href":"https:\/\/thomasaudio.se\/index.php?rest_route=\/wp\/v2\/product"}],"about":[{"href":"https:\/\/thomasaudio.se\/index.php?rest_route=\/wp\/v2\/types\/product"}],"wp:featuredmedia":[{"embeddable":true,"href":"https:\/\/thomasaudio.se\/index.php?rest_route=\/wp\/v2\/media\/1432"}],"wp:attachment":[{"href":"https:\/\/thomasaudio.se\/index.php?rest_route=%2Fwp%2Fv2%2Fmedia&parent=1389"}],"wp:term":[{"taxonomy":"product_brand","embeddable":true,"href":"https:\/\/thomasaudio.se\/index.php?rest_route=%2Fwp%2Fv2%2Fproduct_brand&post=1389"},{"taxonomy":"product_cat","embeddable":true,"href":"https:\/\/thomasaudio.se\/index.php?rest_route=%2Fwp%2Fv2%2Fproduct_cat&post=1389"},{"taxonomy":"product_tag","embeddable":true,"href":"https:\/\/thomasaudio.se\/index.php?rest_route=%2Fwp%2Fv2%2Fproduct_tag&post=1389"}],"curies":[{"name":"wp","href":"https:\/\/api.w.org\/{rel}","templated":true}]}}