{"id":1328,"date":"2026-04-15T17:20:12","date_gmt":"2026-04-15T17:20:12","guid":{"rendered":"https:\/\/thomasaudio.se\/?post_type=product&#038;p=1328"},"modified":"2026-04-25T12:03:24","modified_gmt":"2026-04-25T12:03:24","slug":"furutech-cf35-och-cf63-s-teleadaptrar","status":"publish","type":"product","link":"https:\/\/thomasaudio.se\/butik\/hifi\/furutech-cf35-och-cf63-s-teleadaptrar\/","title":{"rendered":"Furutech CF35 och CF63-S teleadaptrar"},"content":{"rendered":"<p>Ledarna i CF35 har ett yttre lager av Rodium och best\u00e5r d\u00e4runder av fosforbrons och kopparlegering.<br \/>\nOmslaget i kolfiber har en vibrationsd\u00e4mpande effekt.<br \/>\nRodium \u00e4r en av v\u00e4rldens dyraste metaller, med en enast\u00e5ende ledarf\u00f6rm\u00e5ga.<\/p>\n","protected":false},"excerpt":{"rendered":"<p>Ledarna i CF35 har ett yttre lager av Rodium och best\u00e5r d\u00e4runder av fosforbrons och kopparlegering. Omslaget i kolfiber har en vibrationsd\u00e4mpande effekt. Rodium \u00e4r en av v\u00e4rldens dyraste metaller, med en enast\u00e5ende ledarf\u00f6rm\u00e5ga.<\/p>\n","protected":false},"featured_media":1329,"template":"","meta":[],"product_brand":[285],"product_cat":[56],"product_tag":[58,60],"class_list":{"0":"post-1328","1":"product","2":"type-product","3":"status-publish","4":"has-post-thumbnail","6":"product_brand-furutech","7":"product_cat-hifi","8":"product_tag-adaptet","9":"product_tag-kringutrustning","11":"first","12":"instock","13":"shipping-taxable","14":"purchasable","15":"product-type-variable"},"_links":{"self":[{"href":"https:\/\/thomasaudio.se\/wp-json\/wp\/v2\/product\/1328","targetHints":{"allow":["GET"]}}],"collection":[{"href":"https:\/\/thomasaudio.se\/wp-json\/wp\/v2\/product"}],"about":[{"href":"https:\/\/thomasaudio.se\/wp-json\/wp\/v2\/types\/product"}],"wp:featuredmedia":[{"embeddable":true,"href":"https:\/\/thomasaudio.se\/wp-json\/wp\/v2\/media\/1329"}],"wp:attachment":[{"href":"https:\/\/thomasaudio.se\/wp-json\/wp\/v2\/media?parent=1328"}],"wp:term":[{"taxonomy":"product_brand","embeddable":true,"href":"https:\/\/thomasaudio.se\/wp-json\/wp\/v2\/product_brand?post=1328"},{"taxonomy":"product_cat","embeddable":true,"href":"https:\/\/thomasaudio.se\/wp-json\/wp\/v2\/product_cat?post=1328"},{"taxonomy":"product_tag","embeddable":true,"href":"https:\/\/thomasaudio.se\/wp-json\/wp\/v2\/product_tag?post=1328"}],"curies":[{"name":"wp","href":"https:\/\/api.w.org\/{rel}","templated":true}]}}