{"id":1315,"date":"2026-04-12T12:25:59","date_gmt":"2026-04-12T12:25:59","guid":{"rendered":"https:\/\/thomasaudio.se\/?post_type=product&#038;p=1315"},"modified":"2026-04-25T12:03:36","modified_gmt":"2026-04-25T12:03:36","slug":"fezz-omega-lupi-horlursforstarkare","status":"publish","type":"product","link":"https:\/\/thomasaudio.se\/?product=fezz-omega-lupi-horlursforstarkare","title":{"rendered":"Fezz Omega Lupi h\u00f6rlursf\u00f6rst\u00e4rkare"},"content":{"rendered":"<p>En f\u00f6rst\u00e4rkare som klarar \u00e4ven de mest kr\u00e4vande h\u00f6rlurarna.<br \/>\nOmega Lupi l\u00e5ter v\u00e4ldigt neutralt, vilket ger en verklighetsn\u00e4ra ljudupplevelse. Det l\u00e4mnar ingen skugga av tvivel om att detta \u00e4r f\u00f6rst\u00e4rkare i toppklass. Upplev vad dina h\u00f6rlurar verkligen erbjuder \u2013 fr\u00e5n och med nu \u00e4r begr\u00e4nsningarna bara p\u00e5 deras sida.<\/p>\n<p>2 x 3 W Push-pull Class-A\/B<br \/>\nImpedans: 32 &#8211; 600 Ohm<br \/>\nTHD: < 0,3 %\n20 - 120 000 Hz\n355 x 380 x 175 mm\n15,2 kg\n\n<\/p>\n","protected":false},"excerpt":{"rendered":"<p><a href=\"https:\/\/majorhifi.com\/fezz-audio-omega-lupi-evolution-review\/\" target=\"_blank\" rel=\"noopener\">Review<\/a><\/p>\n","protected":false},"featured_media":1316,"template":"","meta":[],"product_brand":[274],"product_cat":[56],"product_tag":[79,73],"class_list":{"0":"post-1315","1":"product","2":"type-product","3":"status-publish","4":"has-post-thumbnail","6":"product_brand-fezz","7":"product_cat-hifi","8":"product_tag-forstarkare","9":"product_tag-horlursforstarkare","11":"first","12":"instock","13":"shipping-taxable","14":"purchasable","15":"product-type-variable"},"_links":{"self":[{"href":"https:\/\/thomasaudio.se\/index.php?rest_route=\/wp\/v2\/product\/1315","targetHints":{"allow":["GET"]}}],"collection":[{"href":"https:\/\/thomasaudio.se\/index.php?rest_route=\/wp\/v2\/product"}],"about":[{"href":"https:\/\/thomasaudio.se\/index.php?rest_route=\/wp\/v2\/types\/product"}],"wp:featuredmedia":[{"embeddable":true,"href":"https:\/\/thomasaudio.se\/index.php?rest_route=\/wp\/v2\/media\/1316"}],"wp:attachment":[{"href":"https:\/\/thomasaudio.se\/index.php?rest_route=%2Fwp%2Fv2%2Fmedia&parent=1315"}],"wp:term":[{"taxonomy":"product_brand","embeddable":true,"href":"https:\/\/thomasaudio.se\/index.php?rest_route=%2Fwp%2Fv2%2Fproduct_brand&post=1315"},{"taxonomy":"product_cat","embeddable":true,"href":"https:\/\/thomasaudio.se\/index.php?rest_route=%2Fwp%2Fv2%2Fproduct_cat&post=1315"},{"taxonomy":"product_tag","embeddable":true,"href":"https:\/\/thomasaudio.se\/index.php?rest_route=%2Fwp%2Fv2%2Fproduct_tag&post=1315"}],"curies":[{"name":"wp","href":"https:\/\/api.w.org\/{rel}","templated":true}]}}