{"id":1261,"date":"2026-04-08T18:22:05","date_gmt":"2026-04-08T18:22:05","guid":{"rendered":"https:\/\/thomasaudio.se\/?post_type=product&#038;p=1261"},"modified":"2026-04-10T15:28:05","modified_gmt":"2026-04-10T15:28:05","slug":"bellari-sx595-subbasfilter","status":"publish","type":"product","link":"https:\/\/thomasaudio.se\/?product=bellari-sx595-subbasfilter","title":{"rendered":"Bellari SX595 subbasfilter"},"content":{"rendered":"<p>En passiv subbash\u00f6gtalare best\u00e5r oftast av ett passivt filter inne i kabinettet. Men ett allternativ \u00e4r den h\u00e4r lilla enheten fr\u00e5n den lilla firman i Utah, som genom \u00e5ren tillverkat elektronik till professionella inspelningsstudior. Dera id\u00e9 med dessa sm\u00e5 HiFi-enheter \u00e4r att i kraftfulla st\u00e5lchassin l\u00e5ta signalen passera utan p\u00e5verkan av kringelektronik p\u00e5 v\u00e4gen.<\/p>\n<p>24 dB per oktav g\u00f6r att frekvensen man st\u00e4ller in v\u00e4ldigt lite p\u00e5verkar invidliggande frekvenser (\u00f6verlappning) och ett justerbart delningsfrekvensomr\u00e5de fr\u00e5n 36 till 160 Hz. Det ger en exceptionell kontroll \u00f6ver en bash\u00f6gtalares prestanda och d\u00e4rmed hela systemets prestanda.<br \/>\nPass Through ger signalen passage utan p\u00e5verkan.<\/p>\n<p>Ing\u00e5ngsimpedans 10 KOhm<br \/>\nUtg\u00e5ngsimpedans: 1 KOhm<br \/>\nHeadroom: +10 dB<br \/>\nStr\u00f6madapter: 15 V, 500 mA<\/p>\n","protected":false},"excerpt":{"rendered":"<p>En passiv subbash\u00f6gtalare best\u00e5r oftast av ett passivt filter inne i kabinettet. Men ett allternativ \u00e4r den h\u00e4r lilla enheten fr\u00e5n den lilla firman i Utah, som genom \u00e5ren tillverkat elektronik till professionella inspelningsstudior. Dera id\u00e9 med dessa sm\u00e5 HiFi-enheter \u00e4r att i kraftfulla st\u00e5lchassin l\u00e5ta signalen passera utan p\u00e5verkan av kringelektronik p\u00e5 v\u00e4gen. 24&#8230;<\/p>\n","protected":false},"featured_media":1262,"template":"","meta":[],"product_brand":[116],"product_cat":[56],"product_tag":[60],"class_list":{"0":"post-1261","1":"product","2":"type-product","3":"status-publish","4":"has-post-thumbnail","6":"product_brand-bellari","7":"product_cat-hifi","8":"product_tag-kringutrustning","10":"first","11":"instock","12":"shipping-taxable","13":"purchasable","14":"product-type-simple"},"_links":{"self":[{"href":"https:\/\/thomasaudio.se\/index.php?rest_route=\/wp\/v2\/product\/1261","targetHints":{"allow":["GET"]}}],"collection":[{"href":"https:\/\/thomasaudio.se\/index.php?rest_route=\/wp\/v2\/product"}],"about":[{"href":"https:\/\/thomasaudio.se\/index.php?rest_route=\/wp\/v2\/types\/product"}],"wp:featuredmedia":[{"embeddable":true,"href":"https:\/\/thomasaudio.se\/index.php?rest_route=\/wp\/v2\/media\/1262"}],"wp:attachment":[{"href":"https:\/\/thomasaudio.se\/index.php?rest_route=%2Fwp%2Fv2%2Fmedia&parent=1261"}],"wp:term":[{"taxonomy":"product_brand","embeddable":true,"href":"https:\/\/thomasaudio.se\/index.php?rest_route=%2Fwp%2Fv2%2Fproduct_brand&post=1261"},{"taxonomy":"product_cat","embeddable":true,"href":"https:\/\/thomasaudio.se\/index.php?rest_route=%2Fwp%2Fv2%2Fproduct_cat&post=1261"},{"taxonomy":"product_tag","embeddable":true,"href":"https:\/\/thomasaudio.se\/index.php?rest_route=%2Fwp%2Fv2%2Fproduct_tag&post=1261"}],"curies":[{"name":"wp","href":"https:\/\/api.w.org\/{rel}","templated":true}]}}