{"id":1231,"date":"2026-04-06T09:17:37","date_gmt":"2026-04-06T09:17:37","guid":{"rendered":"https:\/\/thomasaudio.se\/?post_type=product&#038;p=1231"},"modified":"2026-04-12T08:16:47","modified_gmt":"2026-04-12T08:16:47","slug":"fezz-luna-evolution-integrerad-forstarkare","status":"publish","type":"product","link":"https:\/\/thomasaudio.se\/?product=fezz-luna-evolution-integrerad-forstarkare","title":{"rendered":"Fezz Luna Evolution integrerad f\u00f6rst\u00e4rkare"},"content":{"rendered":"<p>Nya Fezz Audio LUNA levererar den legendariska v\u00e4rmen och musikaliteten, kombinerat med modern teknik f\u00f6r st\u00f6rre m\u00e5ngsidighet och tillf\u00f6rlitlighet.<\/p>\n<p>Med valbarheten mellan ultralinj\u00e4ra och Triode-l\u00e4gen, Sub Out-anslutning med en f\u00f6rfinad fj\u00e4rrkontroll kombinerar LUNA tidl\u00f6s r\u00f6rcharm med dagens funktionalitet. Stilfull och v\u00e4lbyggd f\u00f6rb\u00e4ttrar den b\u00e5de utseendet och ljudet p\u00e5 din utrustning. LUNA \u00e4r ett sant uttryck f\u00f6r Fezz Audios filosofi \u2013 d\u00e4r tradition m\u00f6ter innovation och musik blir levande.<\/p>\n<p>2 x 40 Watt (ultralinj\u00e4r drift) \/ 2 x 20 Watt (trioddrift)<br \/>\nUtg\u00e5ngsimpedans 4 Ohm \/ 8 Ohm<br \/>\nTHD: &lt;0,05 %<br \/>\nFrekvensomf\u00e5nget n\u00e5r ner i 16 Hz<br \/>\nAutobias<br \/>\nias: 354 x 420 x 235 mm<br \/>\n20 kg<br \/>\nMedf\u00f6ljer: fj\u00e4rrkontroll, galler<br \/>\n<a href=\"https:\/\/thomasaudio.se\/wp-admin\/post.php?post=1291&amp;action=edit\" target=\"_blank\" rel=\"noopener\">Extra tillbeh\u00f6r: XLR, DAC, Bluetooth, Phono-amp MM<\/a><\/p>\n","protected":false},"excerpt":{"rendered":"<p>Nya Fezz Audio LUNA levererar den legendariska v\u00e4rmen och musikaliteten, kombinerat med modern teknik f\u00f6r st\u00f6rre m\u00e5ngsidighet och tillf\u00f6rlitlighet. Med valbarheten mellan ultralinj\u00e4ra och Triode-l\u00e4gen, Sub Out-anslutning med en f\u00f6rfinad fj\u00e4rrkontroll kombinerar LUNA tidl\u00f6s r\u00f6rcharm med dagens funktionalitet. Stilfull och v\u00e4lbyggd f\u00f6rb\u00e4ttrar den b\u00e5de utseendet och ljudet p\u00e5 din utrustning. LUNA \u00e4r ett sant uttryck&#8230;<\/p>\n","protected":false},"featured_media":1232,"template":"","meta":[],"product_brand":[274],"product_cat":[56],"product_tag":[79,276],"class_list":{"0":"post-1231","1":"product","2":"type-product","3":"status-publish","4":"has-post-thumbnail","6":"product_brand-fezz","7":"product_cat-hifi","8":"product_tag-forstarkare","9":"product_tag-integrerad","11":"first","12":"instock","13":"shipping-taxable","14":"purchasable","15":"product-type-variable"},"_links":{"self":[{"href":"https:\/\/thomasaudio.se\/index.php?rest_route=\/wp\/v2\/product\/1231","targetHints":{"allow":["GET"]}}],"collection":[{"href":"https:\/\/thomasaudio.se\/index.php?rest_route=\/wp\/v2\/product"}],"about":[{"href":"https:\/\/thomasaudio.se\/index.php?rest_route=\/wp\/v2\/types\/product"}],"wp:featuredmedia":[{"embeddable":true,"href":"https:\/\/thomasaudio.se\/index.php?rest_route=\/wp\/v2\/media\/1232"}],"wp:attachment":[{"href":"https:\/\/thomasaudio.se\/index.php?rest_route=%2Fwp%2Fv2%2Fmedia&parent=1231"}],"wp:term":[{"taxonomy":"product_brand","embeddable":true,"href":"https:\/\/thomasaudio.se\/index.php?rest_route=%2Fwp%2Fv2%2Fproduct_brand&post=1231"},{"taxonomy":"product_cat","embeddable":true,"href":"https:\/\/thomasaudio.se\/index.php?rest_route=%2Fwp%2Fv2%2Fproduct_cat&post=1231"},{"taxonomy":"product_tag","embeddable":true,"href":"https:\/\/thomasaudio.se\/index.php?rest_route=%2Fwp%2Fv2%2Fproduct_tag&post=1231"}],"curies":[{"name":"wp","href":"https:\/\/api.w.org\/{rel}","templated":true}]}}