{"id":1199,"date":"2026-04-03T10:09:17","date_gmt":"2026-04-03T10:09:17","guid":{"rendered":"https:\/\/thomasaudio.se\/?post_type=product&#038;p=1199"},"modified":"2026-04-03T10:09:17","modified_gmt":"2026-04-03T10:09:17","slug":"rolf-lislevand-libro-primo","status":"publish","type":"product","link":"https:\/\/thomasaudio.se\/butik\/album\/rolf-lislevand-libro-primo\/","title":{"rendered":"Rolf Lislevand &#8211; Libro Primo"},"content":{"rendered":"<p>Den moderna musikens melodiska och rytmiska k\u00e4nslighet kan vara \u00f6verraskande, vilket bekr\u00e4ftar Lislevands djupare dykning i detta repertoar. &#8221;Den nya stilen markerade ett avsteg fr\u00e5n traditionell ren\u00e4ssanspolyfoni,&#8221; skriver han i artistens anm\u00e4rkning som f\u00f6ljer med skivan. Den s\u00e5 kallade <em>nuove-musiken<\/em> gav upphov till &#8221;ovanligt dissonanta och dj\u00e4rva harmoniska passager samt en helt nyfunnen f\u00f6rm\u00e5ga att uttrycka den h\u00e4r musikens emotionella inneh\u00e5ll.&#8221;<br \/>\nAlbumet spelades in p\u00e5 Moosestudios, Norge<\/p>\n<p>1 Libro primo d&#8217;intavolatura di lauto, Roma, 1611<br \/>\n(Johann Kapsberger)<br \/>\nLi cinque libri della chitarra alla spagnola, 1640<br \/>\n2 Il liuto di Bernardo Gianoncelli detto il Bernardello, Venezia, 1650<br \/>\n(Bernardo Gianoncelli)<br \/>\n3 Libro primo d&#8217;intavolatura di lauto, Roma, 1611<br \/>\n(Johann Kapsberger)<br \/>\n4 Libro terzo d&#8217;intavolatura di chitarone, Roma, 1626<br \/>\n(Johann Kapsberger)<br \/>\n5 Trattado de Glosas, Rome, 1553<br \/>\n(Diego Ortiz)<br \/>\n6 Libro quarto d&#8217;intavolatura di chitarone, Roma, 1640<br \/>\n(Johann Kapsberger)<br \/>\n7 Libro primo d&#8217;intavolatura di chitarone, Venezia, 1604<br \/>\n(Johann Kapsberger)<br \/>\n8 Libro primo d&#8217;intavolatura di lauto, Roma, 1611<br \/>\n9 Trattado de Glosas, Rome, 1553<\/p>\n","protected":false},"excerpt":{"rendered":"<p>Den moderna musikens melodiska och rytmiska k\u00e4nslighet kan vara \u00f6verraskande, vilket bekr\u00e4ftar Lislevands djupare dykning i detta repertoar. &#8221;Den nya stilen markerade ett avsteg fr\u00e5n traditionell ren\u00e4ssanspolyfoni,&#8221; skriver han i artistens anm\u00e4rkning som f\u00f6ljer med skivan. Den s\u00e5 kallade nuove-musiken gav upphov till &#8221;ovanligt dissonanta och dj\u00e4rva harmoniska passager samt en helt nyfunnen f\u00f6rm\u00e5ga att&#8230;<\/p>\n","protected":false},"featured_media":1200,"template":"","meta":[],"product_brand":[26],"product_cat":[16],"product_tag":[18,36],"class_list":{"0":"post-1199","1":"product","2":"type-product","3":"status-publish","4":"has-post-thumbnail","6":"product_brand-ecm","7":"product_cat-album","8":"product_tag-cd","9":"product_tag-klassiskt","11":"first","12":"instock","13":"shipping-taxable","14":"purchasable","15":"product-type-simple"},"_links":{"self":[{"href":"https:\/\/thomasaudio.se\/wp-json\/wp\/v2\/product\/1199","targetHints":{"allow":["GET"]}}],"collection":[{"href":"https:\/\/thomasaudio.se\/wp-json\/wp\/v2\/product"}],"about":[{"href":"https:\/\/thomasaudio.se\/wp-json\/wp\/v2\/types\/product"}],"wp:featuredmedia":[{"embeddable":true,"href":"https:\/\/thomasaudio.se\/wp-json\/wp\/v2\/media\/1200"}],"wp:attachment":[{"href":"https:\/\/thomasaudio.se\/wp-json\/wp\/v2\/media?parent=1199"}],"wp:term":[{"taxonomy":"product_brand","embeddable":true,"href":"https:\/\/thomasaudio.se\/wp-json\/wp\/v2\/product_brand?post=1199"},{"taxonomy":"product_cat","embeddable":true,"href":"https:\/\/thomasaudio.se\/wp-json\/wp\/v2\/product_cat?post=1199"},{"taxonomy":"product_tag","embeddable":true,"href":"https:\/\/thomasaudio.se\/wp-json\/wp\/v2\/product_tag?post=1199"}],"curies":[{"name":"wp","href":"https:\/\/api.w.org\/{rel}","templated":true}]}}