{"id":112,"date":"2026-02-16T18:55:35","date_gmt":"2026-02-16T18:55:35","guid":{"rendered":"https:\/\/thomasaudio.se\/?post_type=product&#038;p=112"},"modified":"2026-03-07T09:02:20","modified_gmt":"2026-03-07T09:02:20","slug":"jazzrausch-bigband-bruckners-brakedown","status":"publish","type":"product","link":"https:\/\/thomasaudio.se\/?product=jazzrausch-bigband-bruckners-brakedown","title":{"rendered":"Jazzrausch Bigband &#8211; Bruckner&#8217;s Brakedown"},"content":{"rendered":"<p>Jazzrausch Bigband har i sin tio\u00e5riga historia etablerat sig som en institution som g\u00f6r det om\u00f6jliga m\u00f6jligt: Men&#8230;\u200b\u200bjazz m\u00f6ter techno, m\u00f6ter storband? inga problem. Uts\u00e5lda konserter p\u00e5 elektroklubbar, jazzfestivaler och klassiska arenor? De \u00e4r st\u00e4ndigt efters\u00f6kta! Och alla som tror att bandets musikaliska spektrum inte kunde vara bredare kommer att bevisas ha fel genom sina arrangemang av klassisk musik.<\/p>\n<p>1 Bruckner 4<br \/>\n2 Dubokalypse<br \/>\n3 Icarus<br \/>\n4 Bruckners Breakdown<br \/>\n5 5 play buttonOut of the Woods<br \/>\n6 Bruckner 8<br \/>\n7 Ghost Riders in the Desert<br \/>\n8 Perger Pr\u00e4ludium<\/p>\n","protected":false},"excerpt":{"rendered":"<p>Jazzrausch Bigband har i sin tio\u00e5riga historia etablerat sig som en institution som g\u00f6r det om\u00f6jliga m\u00f6jligt: Men&#8230;\u200b\u200bjazz m\u00f6ter techno, m\u00f6ter storband? inga problem. Uts\u00e5lda konserter p\u00e5 elektroklubbar, jazzfestivaler och klassiska arenor? De \u00e4r st\u00e4ndigt efters\u00f6kta! Och alla som tror att bandets musikaliska spektrum inte kunde vara bredare kommer att bevisas ha fel genom sina&#8230;<\/p>\n","protected":false},"featured_media":113,"template":"","meta":[],"product_brand":[17],"product_cat":[16],"product_tag":[18,31,19,229,23],"class_list":{"0":"post-112","1":"product","2":"type-product","3":"status-publish","4":"has-post-thumbnail","6":"product_brand-act","7":"product_cat-album","8":"product_tag-cd","9":"product_tag-club","10":"product_tag-jazz","11":"product_tag-jazzrausch-bigband","12":"product_tag-vinyl","14":"first","15":"instock","16":"shipping-taxable","17":"purchasable","18":"product-type-variable"},"_links":{"self":[{"href":"https:\/\/thomasaudio.se\/index.php?rest_route=\/wp\/v2\/product\/112","targetHints":{"allow":["GET"]}}],"collection":[{"href":"https:\/\/thomasaudio.se\/index.php?rest_route=\/wp\/v2\/product"}],"about":[{"href":"https:\/\/thomasaudio.se\/index.php?rest_route=\/wp\/v2\/types\/product"}],"wp:featuredmedia":[{"embeddable":true,"href":"https:\/\/thomasaudio.se\/index.php?rest_route=\/wp\/v2\/media\/113"}],"wp:attachment":[{"href":"https:\/\/thomasaudio.se\/index.php?rest_route=%2Fwp%2Fv2%2Fmedia&parent=112"}],"wp:term":[{"taxonomy":"product_brand","embeddable":true,"href":"https:\/\/thomasaudio.se\/index.php?rest_route=%2Fwp%2Fv2%2Fproduct_brand&post=112"},{"taxonomy":"product_cat","embeddable":true,"href":"https:\/\/thomasaudio.se\/index.php?rest_route=%2Fwp%2Fv2%2Fproduct_cat&post=112"},{"taxonomy":"product_tag","embeddable":true,"href":"https:\/\/thomasaudio.se\/index.php?rest_route=%2Fwp%2Fv2%2Fproduct_tag&post=112"}],"curies":[{"name":"wp","href":"https:\/\/api.w.org\/{rel}","templated":true}]}}