{"id":100,"date":"2026-02-16T17:41:19","date_gmt":"2026-02-16T17:41:19","guid":{"rendered":"https:\/\/thomasaudio.se\/?post_type=product&#038;p=100"},"modified":"2026-03-07T09:03:12","modified_gmt":"2026-03-07T09:03:12","slug":"david-helbock-the-new-cool","status":"publish","type":"product","link":"https:\/\/thomasaudio.se\/?product=david-helbock-the-new-cool","title":{"rendered":"David Helbock &#8211; The New Cool"},"content":{"rendered":"<p>David Helbocks fina musikaliska skicklighet g\u00e5r hand i hand med en anm\u00e4rkningsv\u00e4rd f\u00f6rm\u00e5ga att kommunicera p\u00e5 flera niv\u00e5er. Som den brittiske f\u00f6rfattaren Peter Bacon har skrivit, finns det &#8221;mycket som fascinerar sinnet, mycket som v\u00e4rmer hj\u00e4rtat och mycket som kittlar lustbenet.&#8221; Den tyske kritikern Roland Spiegel har elegant beskrivit hans musik som &#8221;aldrig intellektuell, den ger vila \u00e5t b\u00e5de huvudet och k\u00e4nslorna&#8230;.&#8221; <\/p>\n<p>F\u00f6r sitt nya album tar den \u00f6sterrikiskf\u00f6dde pianisten med sig dessa styrkor och f\u00f6rm\u00e5gan att engagera och tilltala lyssnaren till ett unikt \u00e4ventyr. &#8221;Det var min \u00f6nskan att lugna ner saker lite,&#8221; f\u00f6rklarar han. H\u00e4r har han en ny trio med gitarristen Arne Jansen och trumpetaren Sebastian Studnitzky och det \u00e4r tydligt n\u00e4r han talar om det, hur l\u00e5ngt han redan har kommit sedan sin tidigare grupp: &#8221;I Random Control Trio hade vi m\u00e5nga instrument p\u00e5 scenen, det var mycket byte fr\u00e5n ett instrument till ett annat&#8230; och en hel del anteckningar.&#8221; Och den h\u00e4r nya gruppen? &#8221;Det handlar ist\u00e4llet mer om k\u00e4nslor.<\/p>\n","protected":false},"excerpt":{"rendered":"<p>Vinyl<br \/>\nCD<\/p>\n","protected":false},"featured_media":101,"template":"","meta":[],"product_brand":[17],"product_cat":[16],"product_tag":[18,232,19,23],"class_list":{"0":"post-100","1":"product","2":"type-product","3":"status-publish","4":"has-post-thumbnail","6":"product_brand-act","7":"product_cat-album","8":"product_tag-cd","9":"product_tag-david-helbock","10":"product_tag-jazz","11":"product_tag-vinyl","13":"first","14":"instock","15":"shipping-taxable","16":"purchasable","17":"product-type-variable"},"_links":{"self":[{"href":"https:\/\/thomasaudio.se\/index.php?rest_route=\/wp\/v2\/product\/100","targetHints":{"allow":["GET"]}}],"collection":[{"href":"https:\/\/thomasaudio.se\/index.php?rest_route=\/wp\/v2\/product"}],"about":[{"href":"https:\/\/thomasaudio.se\/index.php?rest_route=\/wp\/v2\/types\/product"}],"wp:featuredmedia":[{"embeddable":true,"href":"https:\/\/thomasaudio.se\/index.php?rest_route=\/wp\/v2\/media\/101"}],"wp:attachment":[{"href":"https:\/\/thomasaudio.se\/index.php?rest_route=%2Fwp%2Fv2%2Fmedia&parent=100"}],"wp:term":[{"taxonomy":"product_brand","embeddable":true,"href":"https:\/\/thomasaudio.se\/index.php?rest_route=%2Fwp%2Fv2%2Fproduct_brand&post=100"},{"taxonomy":"product_cat","embeddable":true,"href":"https:\/\/thomasaudio.se\/index.php?rest_route=%2Fwp%2Fv2%2Fproduct_cat&post=100"},{"taxonomy":"product_tag","embeddable":true,"href":"https:\/\/thomasaudio.se\/index.php?rest_route=%2Fwp%2Fv2%2Fproduct_tag&post=100"}],"curies":[{"name":"wp","href":"https:\/\/api.w.org\/{rel}","templated":true}]}}